{"id":32682,"date":"2025-07-04T11:48:34","date_gmt":"2025-07-04T11:48:34","guid":{"rendered":"https:\/\/megalicdb.rs\/?page_id=32682"},"modified":"2025-07-07T11:27:38","modified_gmt":"2025-07-07T11:27:38","slug":"veleprodaja","status":"publish","type":"page","link":"https:\/\/megalicdb.rs\/?page_id=32682","title":{"rendered":"Veleprodaja"},"content":{"rendered":"\t\t<div data-elementor-type=\"wp-page\" data-elementor-id=\"32682\" class=\"elementor elementor-32682\">\n\t\t\t\t<div class=\"wd-negative-gap elementor-element elementor-element-4ea8aa8 e-flex e-con-boxed e-con e-parent\" data-id=\"4ea8aa8\" data-element_type=\"container\" data-e-type=\"container\">\n\t\t\t\t\t<div class=\"e-con-inner\">\n\t\t\t\t<div class=\"elementor-element elementor-element-6e3b7dd elementor-widget elementor-widget-wd_text_block\" data-id=\"6e3b7dd\" data-element_type=\"widget\" data-e-type=\"widget\" data-widget_type=\"wd_text_block.default\">\n\t\t\t\t<div class=\"elementor-widget-container\">\n\t\t\t\t\t\t\t<div class=\"wd-text-block reset-last-child text-center\">\n\t\t\t\n\t\t\t<p>Sa ciljem da zapo\u010dnemo i razvijamo saradnju u budu\u0107nosti, spremni smo da preuzmemo brigu oko nabavke kancelarijskog i \u0161kolskog pribora za va\u0161u kompaniju ili maloprodajni objekat, uz \u0161irok izbor i konkurentne cene kao i organizovanu dostavu svega \u0161to Vam je potrebno u svakodnevnom poslovanju.<\/p>\n\t\t\t\t\t<\/div>\n\t\t\t\t\t\t<\/div>\n\t\t\t\t<\/div>\n\t\t\t\t\t<\/div>\n\t\t\t\t<\/div>\n\t\t<div class=\"wd-negative-gap elementor-element elementor-element-a972591 e-flex e-con-boxed e-con e-parent\" data-id=\"a972591\" data-element_type=\"container\" data-e-type=\"container\">\n\t\t\t\t\t<div class=\"e-con-inner\">\n\t\t\t\t<div class=\"elementor-element elementor-element-0b71acb elementor-widget elementor-widget-wd_text_block\" data-id=\"0b71acb\" data-element_type=\"widget\" data-e-type=\"widget\" data-widget_type=\"wd_text_block.default\">\n\t\t\t\t<div class=\"elementor-widget-container\">\n\t\t\t\t\t\t\t<div class=\"wd-text-block reset-last-child text-center color-primary\">\n\t\t\t\n\t\t\t<p>U polje \"Naziv proizvoda\" pretra\u017eite \u017eeljeni artikal. U padaju\u0107em meniju \u0107e se pojaviti svi proizvodi koji zadovoljavaju kriterijum pretrage. Klikom na odre\u0111eni proizvod iz menija, isti dodajete na listu, nakon \u010dega mo\u017eete izabrati koli\u010dinu. Nakon toga mo\u017eete dodati slede\u0107i proizvod, ako \u017eelite vi\u0161e proizvoda. Ako \u017eelie da proizvod izbacite sa liste, kliknite na dugme \"X\".<\/p>\n\t\t\t\t\t<\/div>\n\t\t\t\t\t\t<\/div>\n\t\t\t\t<\/div>\n\t\t\t\t\t<\/div>\n\t\t\t\t<\/div>\n\t\t<div class=\"wd-negative-gap elementor-element elementor-element-0173f00 e-flex e-con-boxed e-con e-parent\" data-id=\"0173f00\" data-element_type=\"container\" data-e-type=\"container\">\n\t\t\t\t\t<div class=\"e-con-inner\">\n\t\t\t\t<div class=\"elementor-element elementor-element-8ffbbba wd-cf7 elementor-widget elementor-widget-wd_contact_form_7\" data-id=\"8ffbbba\" data-element_type=\"widget\" data-e-type=\"widget\" data-widget_type=\"wd_contact_form_7.default\">\n\t\t\t\t<div class=\"elementor-widget-container\">\n\t\t\t\t\t\n<div class=\"wpcf7 no-js\" id=\"wpcf7-f14-o1\" lang=\"en-US\" dir=\"ltr\" data-wpcf7-id=\"14\">\n<div class=\"screen-reader-response\"><p role=\"status\" aria-live=\"polite\" aria-atomic=\"true\"><\/p> <ul><\/ul><\/div>\n<form action=\"\/index.php?rest_route=%2Fwp%2Fv2%2Fpages%2F32682#wpcf7-f14-o1\" method=\"post\" class=\"wpcf7-form init\" aria-label=\"Contact form\" novalidate=\"novalidate\" data-status=\"init\">\n<fieldset class=\"hidden-fields-container\"><input type=\"hidden\" name=\"_wpcf7\" value=\"14\" \/><input type=\"hidden\" name=\"_wpcf7_version\" value=\"6.1.5\" \/><input type=\"hidden\" name=\"_wpcf7_locale\" value=\"en_US\" \/><input type=\"hidden\" name=\"_wpcf7_unit_tag\" value=\"wpcf7-f14-o1\" \/><input type=\"hidden\" name=\"_wpcf7_container_post\" value=\"0\" \/><input type=\"hidden\" name=\"_wpcf7_posted_data_hash\" value=\"\" \/>\n<\/fieldset>\n<p><label> Naziv proizvoda<br \/>\n<span class=\"wpcf7-form-control-wrap\" data-name=\"naziv-proizvoda\"><input size=\"40\" maxlength=\"400\" class=\"wpcf7-form-control wpcf7-text\" id=\"naziv-proizvoda\" aria-invalid=\"false\" value=\"\" type=\"text\" name=\"naziv-proizvoda\" \/><\/span><br \/>\n<\/label>\n<\/p>\n<div id=\"lista-proizvoda\">\n<\/div>\n<input class=\"wpcf7-form-control wpcf7-hidden\" id=\"selected-products\" value=\"\" type=\"hidden\" name=\"selected-products\" \/>\n<p>Na\u010din dostave<br \/>\n<span class=\"wpcf7-form-control-wrap\" data-name=\"radio-752\"><span class=\"wpcf7-form-control wpcf7-radio\"><span class=\"wpcf7-list-item first\"><label><input type=\"radio\" name=\"radio-752\" value=\"Sopstveno\" \/><span class=\"wpcf7-list-item-label\">Sopstveno<\/span><\/label><\/span><span class=\"wpcf7-list-item last\"><label><input type=\"radio\" name=\"radio-752\" value=\"Na adresu\" \/><span class=\"wpcf7-list-item-label\">Na adresu<\/span><\/label><\/span><\/span><\/span><br \/>\n<label> Kompanija<br \/>\n<span class=\"wpcf7-form-control-wrap\" data-name=\"kompanija\"><input size=\"40\" maxlength=\"400\" class=\"wpcf7-form-control wpcf7-text wpcf7-validates-as-required\" aria-required=\"true\" aria-invalid=\"false\" value=\"\" type=\"text\" name=\"kompanija\" \/><\/span> <\/label>\n<\/p>\n<p><label> PIB<br \/>\n<span class=\"wpcf7-form-control-wrap\" data-name=\"pib\"><input size=\"40\" maxlength=\"400\" class=\"wpcf7-form-control wpcf7-text wpcf7-validates-as-required\" aria-required=\"true\" aria-invalid=\"false\" value=\"\" type=\"text\" name=\"pib\" \/><\/span> <\/label><br \/>\n<label> MB<br \/>\n<span class=\"wpcf7-form-control-wrap\" data-name=\"mb\"><input size=\"40\" maxlength=\"400\" class=\"wpcf7-form-control wpcf7-text wpcf7-validates-as-required\" aria-required=\"true\" aria-invalid=\"false\" value=\"\" type=\"text\" name=\"mb\" \/><\/span> <\/label><br \/>\n<label> Adresa<br \/>\n<span class=\"wpcf7-form-control-wrap\" data-name=\"adresa\"><input size=\"40\" maxlength=\"400\" class=\"wpcf7-form-control wpcf7-text wpcf7-validates-as-required\" aria-required=\"true\" aria-invalid=\"false\" value=\"\" type=\"text\" name=\"adresa\" \/><\/span> <\/label><br \/>\n<label> Kontakt telefon<br \/>\n<span class=\"wpcf7-form-control-wrap\" data-name=\"kontakt-telefon\"><input size=\"40\" maxlength=\"400\" class=\"wpcf7-form-control wpcf7-tel wpcf7-validates-as-required wpcf7-text wpcf7-validates-as-tel\" aria-required=\"true\" aria-invalid=\"false\" value=\"\" type=\"tel\" name=\"kontakt-telefon\" \/><\/span> <\/label><br \/>\n<label> Ime<br \/>\n<span class=\"wpcf7-form-control-wrap\" data-name=\"ime\"><input size=\"40\" maxlength=\"400\" class=\"wpcf7-form-control wpcf7-text wpcf7-validates-as-required\" aria-required=\"true\" aria-invalid=\"false\" value=\"\" type=\"text\" name=\"ime\" \/><\/span> <\/label><br \/>\n<label> Prezime<br \/>\n<span class=\"wpcf7-form-control-wrap\" data-name=\"prezime\"><input size=\"40\" maxlength=\"400\" class=\"wpcf7-form-control wpcf7-text wpcf7-validates-as-required\" aria-required=\"true\" aria-invalid=\"false\" value=\"\" type=\"text\" name=\"prezime\" \/><\/span> <\/label><br \/>\n<label> E-mail<br \/>\n<span class=\"wpcf7-form-control-wrap\" data-name=\"your-email\"><input size=\"40\" maxlength=\"400\" class=\"wpcf7-form-control wpcf7-email wpcf7-validates-as-required wpcf7-text wpcf7-validates-as-email\" aria-required=\"true\" aria-invalid=\"false\" value=\"\" type=\"email\" name=\"your-email\" \/><\/span> <\/label>\n<\/p>\n<p><label> Naslov e-maila<br \/>\n<span class=\"wpcf7-form-control-wrap\" data-name=\"your-subject\"><input size=\"40\" maxlength=\"400\" class=\"wpcf7-form-control wpcf7-text wpcf7-validates-as-required\" aria-required=\"true\" aria-invalid=\"false\" value=\"\" type=\"text\" name=\"your-subject\" \/><\/span> <\/label>\n<\/p>\n<p><label> Dodatne informacije(opcionalno)<br \/>\n<span class=\"wpcf7-form-control-wrap\" data-name=\"your-message\"><textarea cols=\"40\" rows=\"10\" maxlength=\"2000\" class=\"wpcf7-form-control wpcf7-textarea\" aria-invalid=\"false\" name=\"your-message\"><\/textarea><\/span> <\/label>\n<\/p>\n<div style=\"display:none !important;\">\n\t<p><span class=\"wpcf7-form-control-wrap\" data-name=\"website\"><input size=\"40\" maxlength=\"400\" class=\"wpcf7-form-control wpcf7-text\" id=\"website\" aria-invalid=\"false\" value=\"\" type=\"text\" name=\"website\" \/><\/span>\n\t<\/p>\n<\/div>\n<p><input class=\"wpcf7-form-control wpcf7-submit has-spinner\" type=\"submit\" value=\"Po\u0161alji\" \/>\n<\/p><div class=\"wpcf7-response-output\" aria-hidden=\"true\"><\/div>\n<\/form>\n<\/div>\n\t\t\t\t<\/div>\n\t\t\t\t<\/div>\n\t\t\t\t\t<\/div>\n\t\t\t\t<\/div>\n\t\t\t\t<\/div>\n\t\t","protected":false},"excerpt":{"rendered":"<p>Sa ciljem da zapo\u010dnemo i razvijamo saradnju u budu\u0107nosti, spremni smo da preuzmemo brigu oko nabavke kancelarijskog i \u0161kolskog pribora<\/p>\n","protected":false},"author":1,"featured_media":0,"parent":0,"menu_order":0,"comment_status":"closed","ping_status":"closed","template":"","meta":{"footnotes":""},"class_list":["post-32682","page","type-page","status-publish","hentry"],"aioseo_notices":[],"_links":{"self":[{"href":"https:\/\/megalicdb.rs\/index.php?rest_route=\/wp\/v2\/pages\/32682","targetHints":{"allow":["GET"]}}],"collection":[{"href":"https:\/\/megalicdb.rs\/index.php?rest_route=\/wp\/v2\/pages"}],"about":[{"href":"https:\/\/megalicdb.rs\/index.php?rest_route=\/wp\/v2\/types\/page"}],"author":[{"embeddable":true,"href":"https:\/\/megalicdb.rs\/index.php?rest_route=\/wp\/v2\/users\/1"}],"replies":[{"embeddable":true,"href":"https:\/\/megalicdb.rs\/index.php?rest_route=%2Fwp%2Fv2%2Fcomments&post=32682"}],"version-history":[{"count":38,"href":"https:\/\/megalicdb.rs\/index.php?rest_route=\/wp\/v2\/pages\/32682\/revisions"}],"predecessor-version":[{"id":32839,"href":"https:\/\/megalicdb.rs\/index.php?rest_route=\/wp\/v2\/pages\/32682\/revisions\/32839"}],"wp:attachment":[{"href":"https:\/\/megalicdb.rs\/index.php?rest_route=%2Fwp%2Fv2%2Fmedia&parent=32682"}],"curies":[{"name":"wp","href":"https:\/\/api.w.org\/{rel}","templated":true}]}}