{"id":29395,"date":"2025-01-11T11:18:43","date_gmt":"2025-01-11T11:18:43","guid":{"rendered":"http:\/\/localhost\/megalicdb\/product\/optima-cetkice-cetvrtaste-20\/"},"modified":"2025-01-27T13:09:24","modified_gmt":"2025-01-27T13:09:24","slug":"optima-cetkice-cetvrtaste-20","status":"publish","type":"product","link":"https:\/\/megalicdb.rs\/?product=optima-cetkice-cetvrtaste-20","title":{"rendered":"Optima \u010detkice \u010detvrtaste 20"},"content":{"rendered":"","protected":false},"excerpt":{"rendered":"<p>\u010cETVRTASTE \u010cETKICE ZA TEMPERE<\/p>\n","protected":false},"featured_media":31381,"comment_status":"open","ping_status":"closed","template":"","meta":[],"product_brand":[],"product_cat":[116],"product_tag":[],"class_list":{"0":"post-29395","1":"product","2":"type-product","3":"status-publish","4":"has-post-thumbnail","6":"product_cat-cetkice","8":"first","9":"instock","10":"taxable","11":"shipping-taxable","12":"purchasable","13":"product-type-simple"},"aioseo_notices":[],"_links":{"self":[{"href":"https:\/\/megalicdb.rs\/index.php?rest_route=\/wp\/v2\/product\/29395","targetHints":{"allow":["GET"]}}],"collection":[{"href":"https:\/\/megalicdb.rs\/index.php?rest_route=\/wp\/v2\/product"}],"about":[{"href":"https:\/\/megalicdb.rs\/index.php?rest_route=\/wp\/v2\/types\/product"}],"replies":[{"embeddable":true,"href":"https:\/\/megalicdb.rs\/index.php?rest_route=%2Fwp%2Fv2%2Fcomments&post=29395"}],"version-history":[{"count":0,"href":"https:\/\/megalicdb.rs\/index.php?rest_route=\/wp\/v2\/product\/29395\/revisions"}],"wp:featuredmedia":[{"embeddable":true,"href":"https:\/\/megalicdb.rs\/index.php?rest_route=\/wp\/v2\/media\/31381"}],"wp:attachment":[{"href":"https:\/\/megalicdb.rs\/index.php?rest_route=%2Fwp%2Fv2%2Fmedia&parent=29395"}],"wp:term":[{"taxonomy":"product_brand","embeddable":true,"href":"https:\/\/megalicdb.rs\/index.php?rest_route=%2Fwp%2Fv2%2Fproduct_brand&post=29395"},{"taxonomy":"product_cat","embeddable":true,"href":"https:\/\/megalicdb.rs\/index.php?rest_route=%2Fwp%2Fv2%2Fproduct_cat&post=29395"},{"taxonomy":"product_tag","embeddable":true,"href":"https:\/\/megalicdb.rs\/index.php?rest_route=%2Fwp%2Fv2%2Fproduct_tag&post=29395"}],"curies":[{"name":"wp","href":"https:\/\/api.w.org\/{rel}","templated":true}]}}