{"id":32582,"date":"2025-07-03T14:32:40","date_gmt":"2025-07-03T14:32:40","guid":{"rendered":"https:\/\/megalicdb.rs\/?post_type=product&#038;p=32582"},"modified":"2025-11-24T10:24:22","modified_gmt":"2025-11-24T10:24:22","slug":"komedije-branislav-nusic","status":"publish","type":"product","link":"https:\/\/megalicdb.rs\/?product=komedije-branislav-nusic","title":{"rendered":"Komedije Branislav Nu\u0161i\u0107"},"content":{"rendered":"<p>\u201eMoj humor izazivaju\u0107i smeh na usnama ubla\u017eava surovost \u017eivota.\u201c<\/p>\n<p>\u201eJedan na\u010delnik, razume se sreski, iz doba cenzure, digao se iz publike jednom prilikom i na polovini prvog \u010dina\u00a0<em>Sumnjivog lica<\/em>\u00a0zabranio dalje prikazivanje. Jednom narodnom poslaniku iz starih vremena, ne ja, nego njegova palana\u010dka okolina sugerirala je misao da sam njega uzeo za model, te sam dobio jedno goropadno pismo. A jedna dama povodom jedne scene, ne se\u0107am se u kom komadu, pisala mi je kako ona zna da mi je to njen mu\u017e servirao (&#8230;) a nijedna biv\u0161a ministarka nije htela da primi na sebe da je ona gospa \u017divka.\u201c<br \/>\n\u2013 Branislav Nu\u0161i\u0107<\/p>\n<p>\u201eAktuelnost Nu\u0161i\u0107evih komedija zasniva se i na preciznom uo\u010davanju mentalitetskih odlika srpskog naroda. On je jasno sagledavao i uspelo komi\u010dki oblikovao izopa\u010dene strasti, koje su prisutne kod nas Srba, ali i u ljudskom rodu uop\u0161te: \u017eelja za gospodarenjem, apsolutnom vla\u0161\u0107u, \u017eelja za lagodnim \u017eivotom bez ili s najmanje rada i truda, a odatle i protekcija i korupcija, kao o\u010dekivane posledice takvog na\u010dina mi\u0161ljenja i delanja. Nu\u0161i\u0107 nije za komi\u010dke likove uzimao konkretne li\u010dnosti javnog, politi\u010dkog \u017eivota i, izme\u0111u ostalog, zato su njegove komedije zadr\u017eale svoju sve\u017einu sve do na\u0161ih dana. Uspeo je da komi\u010dki uverljivo, zanatski besprekorno prika\u017ee \u0161ta se doga\u0111a kada \u2019na\u0161 \u010dovek\u2019 iznenada do\u0111e na vlast, kakve promene nastupaju kod njega, a naro\u010dito u njegovoj neposrednoj okolini (porodica, ro\u0111aci, prijatelji, poznanici).\u201c<br \/>\n\u2013 Dr Aleksandar Pej\u010di\u0107<\/p>\n<p>Generacije su se smejale, zabavljale i prepoznavale u ovim izvanrednim delima na\u0161eg najpoznatijeg i do dana\u0161njih dana neprevazi\u0111enog komediografa Branislava Nu\u0161i\u0107a. Vreme je da ih otkrijete, zajedno sa malo poznatim a vrlo dragocenim predgovorima samog autora. Na\u0161e naravi prikazane su bez zadr\u0161ke, ulep\u0161avanja i prikrivanja. Nu\u0161i\u0107 je briljantno prikazao pravo lice i nali\u010dje nacije koju je neizmerno voleo i mnogo zadu\u017eio.<\/p>\n","protected":false},"excerpt":{"rendered":"<p>\u201eMoj humor izazivaju\u0107i smeh na usnama ubla\u017eava surovost \u017eivota.\u201c \u201eJedan na\u010delnik, razume se sreski, iz doba cenzure, digao se iz<\/p>\n","protected":false},"featured_media":32584,"comment_status":"open","ping_status":"closed","template":"","meta":[],"product_brand":[],"product_cat":[324,417],"product_tag":[],"class_list":{"0":"post-32582","1":"product","2":"type-product","3":"status-publish","4":"has-post-thumbnail","6":"product_cat-knjige","7":"product_cat-knjizevnost-za-odrasle","9":"first","10":"outofstock","11":"taxable","12":"shipping-taxable","13":"purchasable","14":"product-type-simple"},"aioseo_notices":[],"_links":{"self":[{"href":"https:\/\/megalicdb.rs\/index.php?rest_route=\/wp\/v2\/product\/32582","targetHints":{"allow":["GET"]}}],"collection":[{"href":"https:\/\/megalicdb.rs\/index.php?rest_route=\/wp\/v2\/product"}],"about":[{"href":"https:\/\/megalicdb.rs\/index.php?rest_route=\/wp\/v2\/types\/product"}],"replies":[{"embeddable":true,"href":"https:\/\/megalicdb.rs\/index.php?rest_route=%2Fwp%2Fv2%2Fcomments&post=32582"}],"version-history":[{"count":1,"href":"https:\/\/megalicdb.rs\/index.php?rest_route=\/wp\/v2\/product\/32582\/revisions"}],"predecessor-version":[{"id":32583,"href":"https:\/\/megalicdb.rs\/index.php?rest_route=\/wp\/v2\/product\/32582\/revisions\/32583"}],"wp:featuredmedia":[{"embeddable":true,"href":"https:\/\/megalicdb.rs\/index.php?rest_route=\/wp\/v2\/media\/32584"}],"wp:attachment":[{"href":"https:\/\/megalicdb.rs\/index.php?rest_route=%2Fwp%2Fv2%2Fmedia&parent=32582"}],"wp:term":[{"taxonomy":"product_brand","embeddable":true,"href":"https:\/\/megalicdb.rs\/index.php?rest_route=%2Fwp%2Fv2%2Fproduct_brand&post=32582"},{"taxonomy":"product_cat","embeddable":true,"href":"https:\/\/megalicdb.rs\/index.php?rest_route=%2Fwp%2Fv2%2Fproduct_cat&post=32582"},{"taxonomy":"product_tag","embeddable":true,"href":"https:\/\/megalicdb.rs\/index.php?rest_route=%2Fwp%2Fv2%2Fproduct_tag&post=32582"}],"curies":[{"name":"wp","href":"https:\/\/api.w.org\/{rel}","templated":true}]}}