{"id":32588,"date":"2025-07-03T14:40:16","date_gmt":"2025-07-03T14:40:16","guid":{"rendered":"https:\/\/megalicdb.rs\/?post_type=product&#038;p=32588"},"modified":"2025-10-01T09:06:08","modified_gmt":"2025-10-01T09:06:08","slug":"najlepse-bajke-brace-grim-stefanija-leonardi-hartli","status":"publish","type":"product","link":"https:\/\/megalicdb.rs\/?product=najlepse-bajke-brace-grim-stefanija-leonardi-hartli","title":{"rendered":"Najlep\u0161e bajke bra\u0107e Grim Stefanija Leonardi Hartli"},"content":{"rendered":"<div>Prelepa knjiga puna divnih ilustracija i nezaboravnih junaka koji \u0107e decu povesti u \u010dudesan svet neprolazne lepote bajki bra\u0107e Grim.<\/div>\n<div><\/div>\n<ul>\n<li>Ivica i Marica<\/li>\n<li>Kraljevi\u0107 \u017eabac<\/li>\n<li>\u010cudesni svira\u010d<\/li>\n<li>Bremenski muzikanti<\/li>\n<li>Baba Hola<\/li>\n<li>Obu\u0107ar i patuljci<\/li>\n<li>Zlatna ptica<\/li>\n<li>Motovilka<\/li>\n<li>Vuk i sedam jari\u0107a<\/li>\n<li>Bratac i sestrica<\/li>\n<li>Vilenjak<\/li>\n<li>Zlatna ribica<\/li>\n<li>Gu\u0161\u010darica<\/li>\n<li>Tri pera<\/li>\n<li>Zlatokosa i tri medveda<\/li>\n<\/ul>\n","protected":false},"excerpt":{"rendered":"<p>Prelepa knjiga puna divnih ilustracija i nezaboravnih junaka koji \u0107e decu povesti u \u010dudesan svet neprolazne lepote bajki bra\u0107e Grim.<\/p>\n","protected":false},"featured_media":32589,"comment_status":"open","ping_status":"closed","template":"","meta":[],"product_brand":[],"product_cat":[324,343],"product_tag":[],"class_list":{"0":"post-32588","1":"product","2":"type-product","3":"status-publish","4":"has-post-thumbnail","6":"product_cat-knjige","7":"product_cat-knjizevnost-za-decu","9":"first","10":"outofstock","11":"taxable","12":"shipping-taxable","13":"purchasable","14":"product-type-simple"},"aioseo_notices":[],"_links":{"self":[{"href":"https:\/\/megalicdb.rs\/index.php?rest_route=\/wp\/v2\/product\/32588","targetHints":{"allow":["GET"]}}],"collection":[{"href":"https:\/\/megalicdb.rs\/index.php?rest_route=\/wp\/v2\/product"}],"about":[{"href":"https:\/\/megalicdb.rs\/index.php?rest_route=\/wp\/v2\/types\/product"}],"replies":[{"embeddable":true,"href":"https:\/\/megalicdb.rs\/index.php?rest_route=%2Fwp%2Fv2%2Fcomments&post=32588"}],"version-history":[{"count":1,"href":"https:\/\/megalicdb.rs\/index.php?rest_route=\/wp\/v2\/product\/32588\/revisions"}],"predecessor-version":[{"id":32590,"href":"https:\/\/megalicdb.rs\/index.php?rest_route=\/wp\/v2\/product\/32588\/revisions\/32590"}],"wp:featuredmedia":[{"embeddable":true,"href":"https:\/\/megalicdb.rs\/index.php?rest_route=\/wp\/v2\/media\/32589"}],"wp:attachment":[{"href":"https:\/\/megalicdb.rs\/index.php?rest_route=%2Fwp%2Fv2%2Fmedia&parent=32588"}],"wp:term":[{"taxonomy":"product_brand","embeddable":true,"href":"https:\/\/megalicdb.rs\/index.php?rest_route=%2Fwp%2Fv2%2Fproduct_brand&post=32588"},{"taxonomy":"product_cat","embeddable":true,"href":"https:\/\/megalicdb.rs\/index.php?rest_route=%2Fwp%2Fv2%2Fproduct_cat&post=32588"},{"taxonomy":"product_tag","embeddable":true,"href":"https:\/\/megalicdb.rs\/index.php?rest_route=%2Fwp%2Fv2%2Fproduct_tag&post=32588"}],"curies":[{"name":"wp","href":"https:\/\/api.w.org\/{rel}","templated":true}]}}