{"id":32627,"date":"2025-07-03T16:44:17","date_gmt":"2025-07-03T16:44:17","guid":{"rendered":"https:\/\/megalicdb.rs\/?post_type=product&#038;p=32627"},"modified":"2025-07-03T16:44:18","modified_gmt":"2025-07-03T16:44:18","slug":"odabrana-dela-petar-ii-petrovic-njegos","status":"publish","type":"product","link":"https:\/\/megalicdb.rs\/?product=odabrana-dela-petar-ii-petrovic-njegos","title":{"rendered":"Odabrana dela Petar II Petrovi\u0107 Njego\u0161"},"content":{"rendered":"<p>Gorski vijenac \u25cf Lu\u010da mikrokozma \u25cf La\u017eni car \u0160\u0107epan Mali \u25cf Svobodijada \u25cf Kula \u0110uri\u0161i\u0107a \u25cf \u010cardak Aleksi\u0107a<\/p>\n<p>U ovoj knjizi \u010ditalac \u0107e na jednom mestu na\u0107i \u010detiri glavna speva pesnika, vladike i vladara Crne Gore Petra II Petrovi\u0107a Njego\u0161a, njegov opus magnum:\u00a0<em>Gorski vijenac<\/em>,\u00a0<em>Lu\u010da mikrokozma<\/em>,\u00a0<em>La\u017eni car \u0160\u0107epan Mali<\/em>\u00a0i\u00a0<em>Svobodijada<\/em>, kao i dva manja,\u00a0<em>Kula \u0110uri\u0161i\u0107a<\/em>\u00a0i\u00a0<em>\u010cardak Aleksi\u0107a<\/em>, koji kao kakvi antipodi ilustruju Njego\u0161eve romanti\u010darske tematske preokupacije.<\/p>\n<p>U prvom svom ve\u0107em delu, filozofsko-religioznom spevu\u00a0<em>Lu\u010da mikrokozma<\/em>, pesnik je biblijsku legendu o stvaranju sveta uzdigao do vasionskih razmera i dao pri\u010di o Bogu i Satani ne samo univerzalne, filozofske razmere nego ih obojio i svojim revolucionarnim idejama i slobodarskim te\u017enjama. Po\u0161to je u\u00a0<em>Lu\u010di<\/em>\u00a0izrazio vi\u0111enje da poreklo zla u svetu le\u017ei u metafizi\u010dkim, nadzemaljskim uzrocima, u\u00a0<em>Gorskom vijencu<\/em>\u00a0je te uzroke video u zemaljskim, istorijskim okvirima, u jednoj istrazi poturica s po\u010detka 18. veka u Crnoj Gori, a njihovo otklanjanje u neprestanoj borbi za slobodu protiv tiranije. Njego\u0161ev epski spev u deset pevanja,\u00a0<em>Svobodijada<\/em>, u duhu Ilijade, opeva crnogorske pobede nad Turcima i Francuzima, a dramski spev\u00a0<em>La\u017eni car \u0160\u0107epan Mali<\/em>\u00a0pribli\u017eava \u010ditaocu epizodu o jednoj intrigantnoj li\u010dnosti iz crnogorske istorije.<\/p>\n<p>Ovom Njego\u0161evom glavnom opusu prethodi ogled Ive Andri\u0107a\u00a0<em>Njego\u0161 kao tragi\u010dni junak kosovske misli<\/em>, jedan od najrelevantnijih i istovremeno knji\u017eevno najupe\u010datljivijih uvida u Njego\u0161ev \u017eivot i delo, kao i istorijske i knji\u017eevne prilike u Crnoj Gori i na Balkanu u prvoj polovini 19. veka.<\/p>\n<p>\u201eMe\u0111u pesnicma, Njego\u0161 je gospodar koji suvereno vlada epohom i daje joj ton; me\u0111u vladarima, on je politi\u010dki vizionar zagledan u budu\u0107nost svog naroda.\u201c Miodrag Popovi\u0107<\/p>\n<p>\u201eNjego\u0161 je u poeziji postigao ono \u0161to je izgledalo nemogu\u0107e, da spoji staro s novim i pove\u017ee ono \u0161to je bilo razdvojeno i suprotstavljeno, tako da je u njegovom delu na\u0161a istorija i na\u0161a duhovnost dobila puno\u0107u izraza kakvu nije ostavio nijedan pisac ni pre ni posle njega.\u201c Jovan Dereti\u0107<\/p>\n","protected":false},"excerpt":{"rendered":"<p>Gorski vijenac \u25cf Lu\u010da mikrokozma \u25cf La\u017eni car \u0160\u0107epan Mali \u25cf Svobodijada \u25cf Kula \u0110uri\u0161i\u0107a \u25cf \u010cardak Aleksi\u0107a U ovoj<\/p>\n","protected":false},"featured_media":32628,"comment_status":"open","ping_status":"closed","template":"","meta":[],"product_brand":[],"product_cat":[324,417],"product_tag":[],"class_list":{"0":"post-32627","1":"product","2":"type-product","3":"status-publish","4":"has-post-thumbnail","6":"product_cat-knjige","7":"product_cat-knjizevnost-za-odrasle","9":"first","10":"instock","11":"taxable","12":"shipping-taxable","13":"purchasable","14":"product-type-simple"},"aioseo_notices":[],"_links":{"self":[{"href":"https:\/\/megalicdb.rs\/index.php?rest_route=\/wp\/v2\/product\/32627","targetHints":{"allow":["GET"]}}],"collection":[{"href":"https:\/\/megalicdb.rs\/index.php?rest_route=\/wp\/v2\/product"}],"about":[{"href":"https:\/\/megalicdb.rs\/index.php?rest_route=\/wp\/v2\/types\/product"}],"replies":[{"embeddable":true,"href":"https:\/\/megalicdb.rs\/index.php?rest_route=%2Fwp%2Fv2%2Fcomments&post=32627"}],"version-history":[{"count":1,"href":"https:\/\/megalicdb.rs\/index.php?rest_route=\/wp\/v2\/product\/32627\/revisions"}],"predecessor-version":[{"id":32629,"href":"https:\/\/megalicdb.rs\/index.php?rest_route=\/wp\/v2\/product\/32627\/revisions\/32629"}],"wp:featuredmedia":[{"embeddable":true,"href":"https:\/\/megalicdb.rs\/index.php?rest_route=\/wp\/v2\/media\/32628"}],"wp:attachment":[{"href":"https:\/\/megalicdb.rs\/index.php?rest_route=%2Fwp%2Fv2%2Fmedia&parent=32627"}],"wp:term":[{"taxonomy":"product_brand","embeddable":true,"href":"https:\/\/megalicdb.rs\/index.php?rest_route=%2Fwp%2Fv2%2Fproduct_brand&post=32627"},{"taxonomy":"product_cat","embeddable":true,"href":"https:\/\/megalicdb.rs\/index.php?rest_route=%2Fwp%2Fv2%2Fproduct_cat&post=32627"},{"taxonomy":"product_tag","embeddable":true,"href":"https:\/\/megalicdb.rs\/index.php?rest_route=%2Fwp%2Fv2%2Fproduct_tag&post=32627"}],"curies":[{"name":"wp","href":"https:\/\/api.w.org\/{rel}","templated":true}]}}