{"id":32722,"date":"2025-07-04T17:08:24","date_gmt":"2025-07-04T17:08:24","guid":{"rendered":"https:\/\/megalicdb.rs\/?post_type=product&#038;p=32722"},"modified":"2025-07-04T17:08:25","modified_gmt":"2025-07-04T17:08:25","slug":"pisma-iz-norveske-isidora-sekulic","status":"publish","type":"product","link":"https:\/\/megalicdb.rs\/?product=pisma-iz-norveske-isidora-sekulic","title":{"rendered":"Pisma iz Norve\u0161ke Isidora Sekuli\u0107"},"content":{"rendered":"<p><em>Odista, nijedna istorija nije tako malo komplikovana kao norve\u0161ka istorija i u \u010dasovima napretka i u \u010dasovima nazatka; i nijedna sudbina nije tako malo pou\u010dna kao sudbina norve\u0161kog naroda i u \u010dasovima sre\u0107e i u \u010dasovima nesre\u0107e. Toliko je priroda u ovoj zemlji i po lepoti, i po strahoti i po snazi superiorna nad ljudima, da je sva va\u017enost i interesantnost norve\u0161ke pro\u0161losti vi\u0161e volja geologije i geografije nego sudbina naroda.<br \/>\n<\/em><br \/>\nO\u010darana Norve\u0161kom, Isidora Sekuli\u0107 pre sto deset godina ispisuje\u00a0<em>Pisma iz Norve\u0161ke<\/em>, jedinstveno klasi\u010dno delo, prvi moderan putopis u srpskoj knji\u017eevnosti 20. veka. Nastav\u0161i u predve\u010derje Prvog svetskog rata,\u00a0<em>Pisma iz Norve\u0161ke<\/em>\u00a0ne do\u017eivljavaju pozitivan prijem kod najuglednijeg kriti\u010dara Jovana Skerli\u0107a, \u010dija je negativna ocena motivisana autorkinim kosmopolitskim duhom u vreme srpskih vojevanja tokom balkanskih ratova.<\/p>\n<p>Isidoru Sekuli\u0107 privukli su surova klima, pust nordijski pejza\u017e, fjordovi, norve\u0161ki \u010dovek i njegov na\u010din \u017eivota. U Norve\u0161koj, surovoj i hladnoj zemlji severa, prona\u0161la je dugo tra\u017eeni mir i mesto duhovnih \u010de\u017enji koje je u skladu sa njenom umetni\u010dkom prirodom i filozofskim stavom o \u017eivotu.<\/p>\n","protected":false},"excerpt":{"rendered":"<p>Odista, nijedna istorija nije tako malo komplikovana kao norve\u0161ka istorija i u \u010dasovima napretka i u \u010dasovima nazatka; i nijedna<\/p>\n","protected":false},"featured_media":32723,"comment_status":"open","ping_status":"closed","template":"","meta":[],"product_brand":[],"product_cat":[324,417],"product_tag":[],"class_list":{"0":"post-32722","1":"product","2":"type-product","3":"status-publish","4":"has-post-thumbnail","6":"product_cat-knjige","7":"product_cat-knjizevnost-za-odrasle","9":"first","10":"instock","11":"taxable","12":"shipping-taxable","13":"purchasable","14":"product-type-simple"},"aioseo_notices":[],"_links":{"self":[{"href":"https:\/\/megalicdb.rs\/index.php?rest_route=\/wp\/v2\/product\/32722","targetHints":{"allow":["GET"]}}],"collection":[{"href":"https:\/\/megalicdb.rs\/index.php?rest_route=\/wp\/v2\/product"}],"about":[{"href":"https:\/\/megalicdb.rs\/index.php?rest_route=\/wp\/v2\/types\/product"}],"replies":[{"embeddable":true,"href":"https:\/\/megalicdb.rs\/index.php?rest_route=%2Fwp%2Fv2%2Fcomments&post=32722"}],"version-history":[{"count":1,"href":"https:\/\/megalicdb.rs\/index.php?rest_route=\/wp\/v2\/product\/32722\/revisions"}],"predecessor-version":[{"id":32724,"href":"https:\/\/megalicdb.rs\/index.php?rest_route=\/wp\/v2\/product\/32722\/revisions\/32724"}],"wp:featuredmedia":[{"embeddable":true,"href":"https:\/\/megalicdb.rs\/index.php?rest_route=\/wp\/v2\/media\/32723"}],"wp:attachment":[{"href":"https:\/\/megalicdb.rs\/index.php?rest_route=%2Fwp%2Fv2%2Fmedia&parent=32722"}],"wp:term":[{"taxonomy":"product_brand","embeddable":true,"href":"https:\/\/megalicdb.rs\/index.php?rest_route=%2Fwp%2Fv2%2Fproduct_brand&post=32722"},{"taxonomy":"product_cat","embeddable":true,"href":"https:\/\/megalicdb.rs\/index.php?rest_route=%2Fwp%2Fv2%2Fproduct_cat&post=32722"},{"taxonomy":"product_tag","embeddable":true,"href":"https:\/\/megalicdb.rs\/index.php?rest_route=%2Fwp%2Fv2%2Fproduct_tag&post=32722"}],"curies":[{"name":"wp","href":"https:\/\/api.w.org\/{rel}","templated":true}]}}