{"id":32746,"date":"2025-07-04T17:37:02","date_gmt":"2025-07-04T17:37:02","guid":{"rendered":"https:\/\/megalicdb.rs\/?post_type=product&#038;p=32746"},"modified":"2025-07-04T17:37:02","modified_gmt":"2025-07-04T17:37:02","slug":"cica-gorio-onore-de-balzak","status":"publish","type":"product","link":"https:\/\/megalicdb.rs\/?product=cica-gorio-onore-de-balzak","title":{"rendered":"\u010ci\u010da Gorio Onore de Balzak"},"content":{"rendered":"<p><em>Remek-delo koje opisuje slo\u017eenost ljudske sudbine<br \/>\n<\/em><br \/>\n<em>To \u0161to se dogodilo tome ocu mo\u017ee se dogoditi i najlep\u0161oj \u017eeni sa \u010dovekom koga mnogo voli: ako mu dosadi svojom ljubavlju, on ode i izbegava je, slu\u017ee\u0107i se kojekakvim niskostima. Tako biva sa svim ose\u0107anjima. Na\u0161e je srce riznica, ako ga odjednom ispraznite, onda ste propali. Kao \u0161to ne opra\u0161tamo \u010doveku koji je ostao bez prebijene pare, tako isto ne opra\u0161tamo ni ose\u0107anju koje se u celosti ispolji. Taj otac dao je sve. Davao je punih dvadeset godina, i svoju ne\u017enost, i svoju ljubav; dao je sve svoje bogatstvo za jedan dan. Kad su njegove k\u0107eri dobro iscedile limun, koru su bacile na ulicu.<br \/>\n<\/em><br \/>\nJedan od najve\u0107ih Balzakovih romana\u00a0<em>\u010ci\u010da Gorio<\/em>\u00a0je majstorska studija roditeljske ljubavi i realisti\u010dan prikaz pariskih naravi. To je, pre svega, tragi\u010dna pri\u010da o bogatom ocu koga je opsesivna ljubav prema \u0107erkama gurnula u finansijski krah, a onda i u smrt.<\/p>\n<p>Na po\u010detku romana upoznajemo E\u017eena de Rastinjaka, mladi\u0107a iz osiroma\u0161ene plemi\u0107ke porodice, koji iz provincije dolazi u Pariz sa velikim ambicijama i \u017eeljom da se uzdigne na dru\u0161tvenoj lestvici. U tom poduhvatu \u0107e mu pomagati okoreli i misteriozni kriminalac Votren. Rastinjak \u0107e poku\u0161ati da iskoristi sve prilike koje mu se budu ukazale, a na tom putu \u0107e se zaljubiti u jednu od dve Gorioove \u0107erke i tako uplesti u njihovu porodi\u010dnu pri\u010du.<\/p>\n<p><em>\u010ci\u010da Gorio<\/em>\u00a0je slo\u017een i upe\u010datljiv roman koji je po objavljivanju 1835. godine kritikovan zbog brutalne iskrenosti i pesimisti\u010dno opisanog dru\u0161tva. Danas se smatra jednim od najzna\u010dajnijih Balzakovih dela jer na maestralan na\u010din opisuje \u201ekola civilizacije\u201c, koja mrve i gaze one koji ne umeju da im izmaknu.<\/p>\n<p>\u201eOnakvim kakvim kakvim ga znamo, devetnaesti vek je Balzakov izum.\u201c<br \/>\n\u2013 Oskar Vajld<\/p>\n","protected":false},"excerpt":{"rendered":"<p>Remek-delo koje opisuje slo\u017eenost ljudske sudbine To \u0161to se dogodilo tome ocu mo\u017ee se dogoditi i najlep\u0161oj \u017eeni sa \u010dovekom<\/p>\n","protected":false},"featured_media":32747,"comment_status":"open","ping_status":"closed","template":"","meta":[],"product_brand":[],"product_cat":[324,417],"product_tag":[],"class_list":{"0":"post-32746","1":"product","2":"type-product","3":"status-publish","4":"has-post-thumbnail","6":"product_cat-knjige","7":"product_cat-knjizevnost-za-odrasle","9":"first","10":"instock","11":"taxable","12":"shipping-taxable","13":"purchasable","14":"product-type-simple"},"aioseo_notices":[],"_links":{"self":[{"href":"https:\/\/megalicdb.rs\/index.php?rest_route=\/wp\/v2\/product\/32746","targetHints":{"allow":["GET"]}}],"collection":[{"href":"https:\/\/megalicdb.rs\/index.php?rest_route=\/wp\/v2\/product"}],"about":[{"href":"https:\/\/megalicdb.rs\/index.php?rest_route=\/wp\/v2\/types\/product"}],"replies":[{"embeddable":true,"href":"https:\/\/megalicdb.rs\/index.php?rest_route=%2Fwp%2Fv2%2Fcomments&post=32746"}],"version-history":[{"count":1,"href":"https:\/\/megalicdb.rs\/index.php?rest_route=\/wp\/v2\/product\/32746\/revisions"}],"predecessor-version":[{"id":32748,"href":"https:\/\/megalicdb.rs\/index.php?rest_route=\/wp\/v2\/product\/32746\/revisions\/32748"}],"wp:featuredmedia":[{"embeddable":true,"href":"https:\/\/megalicdb.rs\/index.php?rest_route=\/wp\/v2\/media\/32747"}],"wp:attachment":[{"href":"https:\/\/megalicdb.rs\/index.php?rest_route=%2Fwp%2Fv2%2Fmedia&parent=32746"}],"wp:term":[{"taxonomy":"product_brand","embeddable":true,"href":"https:\/\/megalicdb.rs\/index.php?rest_route=%2Fwp%2Fv2%2Fproduct_brand&post=32746"},{"taxonomy":"product_cat","embeddable":true,"href":"https:\/\/megalicdb.rs\/index.php?rest_route=%2Fwp%2Fv2%2Fproduct_cat&post=32746"},{"taxonomy":"product_tag","embeddable":true,"href":"https:\/\/megalicdb.rs\/index.php?rest_route=%2Fwp%2Fv2%2Fproduct_tag&post=32746"}],"curies":[{"name":"wp","href":"https:\/\/api.w.org\/{rel}","templated":true}]}}