{"id":32755,"date":"2025-07-04T17:42:01","date_gmt":"2025-07-04T17:42:01","guid":{"rendered":"https:\/\/megalicdb.rs\/?post_type=product&#038;p=32755"},"modified":"2025-07-04T17:42:01","modified_gmt":"2025-07-04T17:42:01","slug":"zli-dusi-i-fjodor-mihailovic-dostojevski","status":"publish","type":"product","link":"https:\/\/megalicdb.rs\/?product=zli-dusi-i-fjodor-mihailovic-dostojevski","title":{"rendered":"Zli dusi I Fjodor Mihailovi\u010d Dostojevski"},"content":{"rendered":"<p><em>Metafora katastrofalnih posledica politi\u010dkog i moralnog nihilizma<br \/>\n<\/em><br \/>\n<em>Budite sigurni da svi oni koji svoj narod prestaju da razumeju i gube vezu s njim, odmah i u istoj meri gube i veru o\u010deva, postaju ili ateisti ili ravnodu\u0161ni ljudi. Istinu govorim! To je \u010dinjenica \u010dija se ta\u010dnost stalno dokazuje. Eto zbog \u010dega smo vi i mi, svi zajedno sada, ili gadni ateisti ili ravnodu\u0161an razvratan olo\u0161, i ni\u0161ta drugo!<br \/>\n<\/em><br \/>\nU jedan provincijski gradi\u0107 vra\u0107a se Nikolaj Stavrogin, plemi\u0107 i biv\u0161i oficir, harizmati\u010dan \u010dovek koji ne uspeva nigde da se skrasi niti ve\u017ee za neku ideju, \u0161to ga \u010dini nihilistom. On o\u010darava sve koji ga upoznaju, i tako privla\u010di fanati\u010dne a ne\u017eeljene sledbenike, podjednako \u017eene i mu\u0161karce, koji postaju mahniti pod uticajem njegovih ideja. Tokom mesec dana njegovog boravka ni\u017eu se dramati\u010dni doga\u0111aji, jer sve junake kao da zaposednu demoni razli\u010ditih ideologija: ateisti\u010dkog socijalizma, revolucionarnog nihilizma, verskog sujeverja.<\/p>\n<p>Dostojevski je predosetio opasnosti radikalnih ideologija koje su potresale XX vek, i svoje sumnje i strepnje genijalno ovaplotio u svom romanu.<\/p>\n<p>\u201eDugo smo verovali da je Marks bio prorok XX veka. Otkri\u0107emo da je pravi prorok bio Dostojevski. Prorokovao je re\u017eim velikih inkvizitora i trijumf mo\u0107i nad pravdom.\u201c<br \/>\n\u2013 Alber Kami<\/p>\n<p>\u201eDostojevski je jedini psiholog od koga sam imao \u0161ta da nau\u010dim: to je jedan od najsre\u0107nijih zgoditaka u mom \u017eivotu, jo\u0161 sre\u0107niji od otkri\u0107a Stendala.\u201c<br \/>\n\u2013 Fridrih Ni\u010de<\/p>\n","protected":false},"excerpt":{"rendered":"<p>Metafora katastrofalnih posledica politi\u010dkog i moralnog nihilizma Budite sigurni da svi oni koji svoj narod prestaju da razumeju i gube<\/p>\n","protected":false},"featured_media":32756,"comment_status":"open","ping_status":"closed","template":"","meta":[],"product_brand":[],"product_cat":[324,417],"product_tag":[],"class_list":{"0":"post-32755","1":"product","2":"type-product","3":"status-publish","4":"has-post-thumbnail","6":"product_cat-knjige","7":"product_cat-knjizevnost-za-odrasle","9":"first","10":"instock","11":"taxable","12":"shipping-taxable","13":"purchasable","14":"product-type-simple"},"aioseo_notices":[],"_links":{"self":[{"href":"https:\/\/megalicdb.rs\/index.php?rest_route=\/wp\/v2\/product\/32755","targetHints":{"allow":["GET"]}}],"collection":[{"href":"https:\/\/megalicdb.rs\/index.php?rest_route=\/wp\/v2\/product"}],"about":[{"href":"https:\/\/megalicdb.rs\/index.php?rest_route=\/wp\/v2\/types\/product"}],"replies":[{"embeddable":true,"href":"https:\/\/megalicdb.rs\/index.php?rest_route=%2Fwp%2Fv2%2Fcomments&post=32755"}],"version-history":[{"count":1,"href":"https:\/\/megalicdb.rs\/index.php?rest_route=\/wp\/v2\/product\/32755\/revisions"}],"predecessor-version":[{"id":32757,"href":"https:\/\/megalicdb.rs\/index.php?rest_route=\/wp\/v2\/product\/32755\/revisions\/32757"}],"wp:featuredmedia":[{"embeddable":true,"href":"https:\/\/megalicdb.rs\/index.php?rest_route=\/wp\/v2\/media\/32756"}],"wp:attachment":[{"href":"https:\/\/megalicdb.rs\/index.php?rest_route=%2Fwp%2Fv2%2Fmedia&parent=32755"}],"wp:term":[{"taxonomy":"product_brand","embeddable":true,"href":"https:\/\/megalicdb.rs\/index.php?rest_route=%2Fwp%2Fv2%2Fproduct_brand&post=32755"},{"taxonomy":"product_cat","embeddable":true,"href":"https:\/\/megalicdb.rs\/index.php?rest_route=%2Fwp%2Fv2%2Fproduct_cat&post=32755"},{"taxonomy":"product_tag","embeddable":true,"href":"https:\/\/megalicdb.rs\/index.php?rest_route=%2Fwp%2Fv2%2Fproduct_tag&post=32755"}],"curies":[{"name":"wp","href":"https:\/\/api.w.org\/{rel}","templated":true}]}}