{"id":32812,"date":"2025-07-07T08:08:51","date_gmt":"2025-07-07T08:08:51","guid":{"rendered":"https:\/\/megalicdb.rs\/?post_type=product&#038;p=32812"},"modified":"2025-07-07T08:08:51","modified_gmt":"2025-07-07T08:08:51","slug":"sutra-je-novi-dan-ii-tom-margaret-micel","status":"publish","type":"product","link":"https:\/\/megalicdb.rs\/?product=sutra-je-novi-dan-ii-tom-margaret-micel","title":{"rendered":"Sutra je novi dan \u2013 II tom Margaret Mi\u010del"},"content":{"rendered":"<p>30.000.000 prodatih primeraka \u0161irom sveta<\/p>\n<p>Roman po kojem je snimljen film\u00a0<em>Prohujalo sa vihorom<\/em>.<\/p>\n<p>Na bogatom fonu predratne dokonosti i rasko\u0161i, ratne oluje i posleratne materijalne i duhovne bede, veli\u010danstven istorijski roman Margaret Mi\u010del nezaboravna je pri\u010da o ljubavi i gubitku. Njeni junaci danas \u010dak sna\u017enije blistaju kao jedna bezmalo savr\u0161ena postavka psiholo\u0161ke drame s tragi\u010dnim krajem. Zavodljivo, epski, elegi\u010dno,\u00a0<em>Sutra je novi dan<\/em>\u00a0samo po sebi sadr\u017ei \u201esporu dra\u017e\u201c Juga, ali nijedna njegova stranica nije suvi\u0161na. Od prvog objavljivanja 1936. ovaj roman postao je klasik za sva vremena.<\/p>\n<p>\u201eKoliko je ta\u010dna ova istorija, na stru\u010dnjacima je da ka\u017eu, ali nijedan \u010ditalac ne\u0107e mo\u0107i da ne stekne ose\u0107aj za tragediju koja je zadesila planta\u017eerske porodice 1865, kao i da bolje razume pozadinu dana\u0161njeg ju\u017enja\u010dkog \u017eivota. Svaki roman od preko hiljadu strana zna\u010dajno je postignu\u0107e, te autorka romana\u00a0<em>Sutra je novi dan<\/em>, i zbog istra\u017eivanja koje je on zahtevao i zbog samog pisanja zaslu\u017euje du\u017eno priznanje.\u201c<br \/>\n\u2013 Ralf Tompson,\u00a0<em>The New York Times<\/em>, 30. jun 1936.<\/p>\n<p>\u201eIzuzetna, spektakularna knjiga, knjiga koja nikada ne\u0107e pasti u zaborav!\u201c<br \/>\n\u2013\u00a0<em>Chicago Tribune<\/em><\/p>\n","protected":false},"excerpt":{"rendered":"<p>30.000.000 prodatih primeraka \u0161irom sveta Roman po kojem je snimljen film\u00a0Prohujalo sa vihorom. Na bogatom fonu predratne dokonosti i rasko\u0161i,<\/p>\n","protected":false},"featured_media":32813,"comment_status":"open","ping_status":"closed","template":"","meta":[],"product_brand":[],"product_cat":[416,324,417],"product_tag":[],"class_list":{"0":"post-32812","1":"product","2":"type-product","3":"status-publish","4":"has-post-thumbnail","6":"product_cat-beletristika","7":"product_cat-knjige","8":"product_cat-knjizevnost-za-odrasle","10":"first","11":"instock","12":"taxable","13":"shipping-taxable","14":"purchasable","15":"product-type-simple"},"aioseo_notices":[],"_links":{"self":[{"href":"https:\/\/megalicdb.rs\/index.php?rest_route=\/wp\/v2\/product\/32812","targetHints":{"allow":["GET"]}}],"collection":[{"href":"https:\/\/megalicdb.rs\/index.php?rest_route=\/wp\/v2\/product"}],"about":[{"href":"https:\/\/megalicdb.rs\/index.php?rest_route=\/wp\/v2\/types\/product"}],"replies":[{"embeddable":true,"href":"https:\/\/megalicdb.rs\/index.php?rest_route=%2Fwp%2Fv2%2Fcomments&post=32812"}],"version-history":[{"count":1,"href":"https:\/\/megalicdb.rs\/index.php?rest_route=\/wp\/v2\/product\/32812\/revisions"}],"predecessor-version":[{"id":32814,"href":"https:\/\/megalicdb.rs\/index.php?rest_route=\/wp\/v2\/product\/32812\/revisions\/32814"}],"wp:featuredmedia":[{"embeddable":true,"href":"https:\/\/megalicdb.rs\/index.php?rest_route=\/wp\/v2\/media\/32813"}],"wp:attachment":[{"href":"https:\/\/megalicdb.rs\/index.php?rest_route=%2Fwp%2Fv2%2Fmedia&parent=32812"}],"wp:term":[{"taxonomy":"product_brand","embeddable":true,"href":"https:\/\/megalicdb.rs\/index.php?rest_route=%2Fwp%2Fv2%2Fproduct_brand&post=32812"},{"taxonomy":"product_cat","embeddable":true,"href":"https:\/\/megalicdb.rs\/index.php?rest_route=%2Fwp%2Fv2%2Fproduct_cat&post=32812"},{"taxonomy":"product_tag","embeddable":true,"href":"https:\/\/megalicdb.rs\/index.php?rest_route=%2Fwp%2Fv2%2Fproduct_tag&post=32812"}],"curies":[{"name":"wp","href":"https:\/\/api.w.org\/{rel}","templated":true}]}}

Sutra je novi dan – II tom Margaret Mičel

<p>30.000.000 prodatih primeraka širom sveta</p>
<p>Roman po kojem je snimljen film <em>Prohujalo sa vihorom</em>.</p>
<p>Na bogatom fonu predratne dokonosti i raskoši, ratne oluje i posleratne materijalne i duhovne bede, veličanstven istorijski roman Margaret Mičel nezaboravna je priča o ljubavi i gubitku. Njeni junaci danas čak snažnije blistaju kao jedna bezmalo savršena postavka psihološke drame s tragičnim krajem. Zavodljivo, epski, elegično, <em>Sutra je novi dan</em> samo po sebi sadrži „sporu draž“ Juga, ali nijedna njegova stranica nije suvišna. Od prvog objavljivanja 1936. ovaj roman postao je klasik za sva vremena.</p>
<p>„Koliko je tačna ova istorija, na stručnjacima je da kažu, ali nijedan čitalac neće moći da ne stekne osećaj za tragediju koja je zadesila plantažerske porodice 1865, kao i da bolje razume pozadinu današnjeg južnjačkog života. Svaki roman od preko hiljadu strana značajno je postignuće, te autorka romana <em>Sutra je novi dan</em>, i zbog istraživanja koje je on zahtevao i zbog samog pisanja zaslužuje dužno priznanje.“<br />
– Ralf Tompson, <em>The New York Times</em>, 30. jun 1936.</p>
<p>„Izuzetna, spektakularna knjiga, knjiga koja nikada neće pasti u zaborav!“<br />
– <em>Chicago Tribune</em></p>

<p>30.000.000 prodatih primeraka širom sveta Roman po kojem je snimljen film Prohujalo sa vihorom. Na bogatom fonu predratne dokonosti i raskoši,</p>
