{"id":32824,"date":"2025-07-07T08:16:39","date_gmt":"2025-07-07T08:16:39","guid":{"rendered":"https:\/\/megalicdb.rs\/?post_type=product&#038;p=32824"},"modified":"2025-07-07T08:16:39","modified_gmt":"2025-07-07T08:16:39","slug":"skrivena-pisma-lorna-kuk","status":"publish","type":"product","link":"https:\/\/megalicdb.rs\/?product=skrivena-pisma-lorna-kuk","title":{"rendered":"Skrivena pisma Lorna Kuk"},"content":{"rendered":"<p><em>Svet u ratu<br \/>\nZabranjena ljubav<br \/>\nNemogu\u0107 izbor<\/em><\/p>\n<p>U osvit Prvog svetskog rata, u ba\u0161ti u kojoj je upravo procvetala ljubav, jedna devojka mora\u0107e da donese sudbonosnu odluku.<\/p>\n<p>Dok se nad Britanijom nadvijaju olujni oblaci rata, Kordelija tra\u017ei uto\u010di\u0161te u velikoj ba\u0161ti porodi\u010dnog imanja. Tamo sre\u0107e Ajzaka, zgodnog, mladog pejza\u017enog arhitektu koji odnedavno odr\u017eava imanje. On je neposredan, prijatan i poznaje sve \u0161to raste u ba\u0161ti. Ne\u0107e pro\u0107i mnogo i Kordeliji \u0107e biti uzvra\u0107ena ljubav. Koliko je njihova veza zabranjena toliko ne prili\u010di devojci poput Kordelije da kopa po zemlji, ali ona je radoznala i Ajzak je kri\u0161om u\u010di tajnama ba\u0161tovanstva.<\/p>\n<p>Kada Ajzak dobije poziv za vojsku, Kordelija preuzima brigu o njegovom divnom vrtu. Ona \u017eeljno i\u0161\u010dekuje mladi\u0107eva pisma sa evropskih rati\u0161ta, uvek puna nade za zajedni\u010dku budu\u0107nost. Ali poruke vi\u0161e ne sti\u017eu. Kordelija mora da se suo\u010di sa najgorim i preuzme u svoje ruke i svoju i sudbinu njihove voljene ba\u0161te.<\/p>\n<p>Ova epska pri\u010da o ljubavi, ratu i snazi ljudskog duha napisana je u najboljem maniru romana Lusinde Rajli i Kejt Morton.<\/p>\n<p>\u201eZanosan i potresan istorijski roman. Predivna emotivna pri\u010da o ljubavi i snazi.\u201c<br \/>\n\u2013 Liz Fenik<\/p>\n","protected":false},"excerpt":{"rendered":"<p>Svet u ratu Zabranjena ljubav Nemogu\u0107 izbor U osvit Prvog svetskog rata, u ba\u0161ti u kojoj je upravo procvetala ljubav,<\/p>\n","protected":false},"featured_media":32825,"comment_status":"open","ping_status":"closed","template":"","meta":[],"product_brand":[],"product_cat":[416,324,417],"product_tag":[],"class_list":{"0":"post-32824","1":"product","2":"type-product","3":"status-publish","4":"has-post-thumbnail","6":"product_cat-beletristika","7":"product_cat-knjige","8":"product_cat-knjizevnost-za-odrasle","10":"first","11":"instock","12":"taxable","13":"shipping-taxable","14":"purchasable","15":"product-type-simple"},"aioseo_notices":[],"_links":{"self":[{"href":"https:\/\/megalicdb.rs\/index.php?rest_route=\/wp\/v2\/product\/32824","targetHints":{"allow":["GET"]}}],"collection":[{"href":"https:\/\/megalicdb.rs\/index.php?rest_route=\/wp\/v2\/product"}],"about":[{"href":"https:\/\/megalicdb.rs\/index.php?rest_route=\/wp\/v2\/types\/product"}],"replies":[{"embeddable":true,"href":"https:\/\/megalicdb.rs\/index.php?rest_route=%2Fwp%2Fv2%2Fcomments&post=32824"}],"version-history":[{"count":1,"href":"https:\/\/megalicdb.rs\/index.php?rest_route=\/wp\/v2\/product\/32824\/revisions"}],"predecessor-version":[{"id":32826,"href":"https:\/\/megalicdb.rs\/index.php?rest_route=\/wp\/v2\/product\/32824\/revisions\/32826"}],"wp:featuredmedia":[{"embeddable":true,"href":"https:\/\/megalicdb.rs\/index.php?rest_route=\/wp\/v2\/media\/32825"}],"wp:attachment":[{"href":"https:\/\/megalicdb.rs\/index.php?rest_route=%2Fwp%2Fv2%2Fmedia&parent=32824"}],"wp:term":[{"taxonomy":"product_brand","embeddable":true,"href":"https:\/\/megalicdb.rs\/index.php?rest_route=%2Fwp%2Fv2%2Fproduct_brand&post=32824"},{"taxonomy":"product_cat","embeddable":true,"href":"https:\/\/megalicdb.rs\/index.php?rest_route=%2Fwp%2Fv2%2Fproduct_cat&post=32824"},{"taxonomy":"product_tag","embeddable":true,"href":"https:\/\/megalicdb.rs\/index.php?rest_route=%2Fwp%2Fv2%2Fproduct_tag&post=32824"}],"curies":[{"name":"wp","href":"https:\/\/api.w.org\/{rel}","templated":true}]}}