{"id":32856,"date":"2025-07-07T14:40:24","date_gmt":"2025-07-07T14:40:24","guid":{"rendered":"https:\/\/megalicdb.rs\/?post_type=product&#038;p=32856"},"modified":"2025-07-07T14:40:24","modified_gmt":"2025-07-07T14:40:24","slug":"gle-kuca-dejvid-larosel","status":"publish","type":"product","link":"https:\/\/megalicdb.rs\/?product=gle-kuca-dejvid-larosel","title":{"rendered":"Gle, kuca! Dejvid Laro\u0161el"},"content":{"rendered":"<p>Ilustrovao Majk Vonutka<\/p>\n<p>\u0160ta se dogodi kad maca poku\u0161a da glumi kucu?<\/p>\n<p>Kuca Maks je danas bolestan, ali maca Beba Kola\u010di\u0107 je zauzela njegovo mesto! Ali kako \u0107e maca da se pona\u0161a kad joj knjiga naredi da radi pse\u0107e stvari? Da li knjiga i maca mogu da do\u0111u do kraja koji \u0107e im oboma odgovarati?<\/p>\n","protected":false},"excerpt":{"rendered":"<p>Ilustrovao Majk Vonutka \u0160ta se dogodi kad maca poku\u0161a da glumi kucu? Kuca Maks je danas bolestan, ali maca Beba<\/p>\n","protected":false},"featured_media":32857,"comment_status":"open","ping_status":"closed","template":"","meta":[],"product_brand":[],"product_cat":[324,343],"product_tag":[],"class_list":{"0":"post-32856","1":"product","2":"type-product","3":"status-publish","4":"has-post-thumbnail","6":"product_cat-knjige","7":"product_cat-knjizevnost-za-decu","9":"first","10":"instock","11":"taxable","12":"shipping-taxable","13":"purchasable","14":"product-type-simple"},"aioseo_notices":[],"_links":{"self":[{"href":"https:\/\/megalicdb.rs\/index.php?rest_route=\/wp\/v2\/product\/32856","targetHints":{"allow":["GET"]}}],"collection":[{"href":"https:\/\/megalicdb.rs\/index.php?rest_route=\/wp\/v2\/product"}],"about":[{"href":"https:\/\/megalicdb.rs\/index.php?rest_route=\/wp\/v2\/types\/product"}],"replies":[{"embeddable":true,"href":"https:\/\/megalicdb.rs\/index.php?rest_route=%2Fwp%2Fv2%2Fcomments&post=32856"}],"version-history":[{"count":1,"href":"https:\/\/megalicdb.rs\/index.php?rest_route=\/wp\/v2\/product\/32856\/revisions"}],"predecessor-version":[{"id":32858,"href":"https:\/\/megalicdb.rs\/index.php?rest_route=\/wp\/v2\/product\/32856\/revisions\/32858"}],"wp:featuredmedia":[{"embeddable":true,"href":"https:\/\/megalicdb.rs\/index.php?rest_route=\/wp\/v2\/media\/32857"}],"wp:attachment":[{"href":"https:\/\/megalicdb.rs\/index.php?rest_route=%2Fwp%2Fv2%2Fmedia&parent=32856"}],"wp:term":[{"taxonomy":"product_brand","embeddable":true,"href":"https:\/\/megalicdb.rs\/index.php?rest_route=%2Fwp%2Fv2%2Fproduct_brand&post=32856"},{"taxonomy":"product_cat","embeddable":true,"href":"https:\/\/megalicdb.rs\/index.php?rest_route=%2Fwp%2Fv2%2Fproduct_cat&post=32856"},{"taxonomy":"product_tag","embeddable":true,"href":"https:\/\/megalicdb.rs\/index.php?rest_route=%2Fwp%2Fv2%2Fproduct_tag&post=32856"}],"curies":[{"name":"wp","href":"https:\/\/api.w.org\/{rel}","templated":true}]}}