{"id":32886,"date":"2025-07-07T15:24:39","date_gmt":"2025-07-07T15:24:39","guid":{"rendered":"https:\/\/megalicdb.rs\/?post_type=product&#038;p=32886"},"modified":"2025-07-07T15:24:39","modified_gmt":"2025-07-07T15:24:39","slug":"preziveti-smrt-vesna-radusinovic","status":"publish","type":"product","link":"https:\/\/megalicdb.rs\/?product=preziveti-smrt-vesna-radusinovic","title":{"rendered":"Pre\u017eiveti smrt Vesna Radusinovi\u0107"},"content":{"rendered":"<p>Dugoo\u010dekivani roman autorke bestselera\u00a0<em>Vatra i led<\/p>\n<p><\/em>Dve dinastije, ugovoreni brak, bolesne ambicije, niske strasti, opasne tajne i sudbina koja nikad nikom ne pra\u0161ta.<\/p>\n<p>U vremenu niskih strasti i potpunog odsustva stida, kad je va\u017enije biti vi\u0111en nego uva\u017een, kad su vrline tajne a poroci javni, dvoje mladih ljudi tra\u017ee sre\u0107u. Ho\u0107e li umeti da prepoznaju priliku kad se sudbina na\u0161ali s njima? Ho\u0107e li znati da sre\u0107u moraju sami da stvore i da je sa\u010duvaju?<\/p>\n<p>Strastveni Stefan i ne\u017ena Lana na\u0107i \u0107e se u vrtlogu porodi\u010dnih interesa i skandala za koje \u0107e neko morati da platiti krvlju.<\/p>\n<p>Ova vrela ljubavna pri\u010da, sme\u0161tena u svet bez pravih moralnih vrednosti, izmami\u0107e vam uzdahe, suze i smeh.<\/p>\n","protected":false},"excerpt":{"rendered":"<p>Dugoo\u010dekivani roman autorke bestselera\u00a0Vatra i led Dve dinastije, ugovoreni brak, bolesne ambicije, niske strasti, opasne tajne i sudbina koja nikad<\/p>\n","protected":false},"featured_media":32887,"comment_status":"open","ping_status":"closed","template":"","meta":[],"product_brand":[],"product_cat":[416,324],"product_tag":[],"class_list":{"0":"post-32886","1":"product","2":"type-product","3":"status-publish","4":"has-post-thumbnail","6":"product_cat-beletristika","7":"product_cat-knjige","9":"first","10":"instock","11":"taxable","12":"shipping-taxable","13":"purchasable","14":"product-type-simple"},"aioseo_notices":[],"_links":{"self":[{"href":"https:\/\/megalicdb.rs\/index.php?rest_route=\/wp\/v2\/product\/32886","targetHints":{"allow":["GET"]}}],"collection":[{"href":"https:\/\/megalicdb.rs\/index.php?rest_route=\/wp\/v2\/product"}],"about":[{"href":"https:\/\/megalicdb.rs\/index.php?rest_route=\/wp\/v2\/types\/product"}],"replies":[{"embeddable":true,"href":"https:\/\/megalicdb.rs\/index.php?rest_route=%2Fwp%2Fv2%2Fcomments&post=32886"}],"version-history":[{"count":1,"href":"https:\/\/megalicdb.rs\/index.php?rest_route=\/wp\/v2\/product\/32886\/revisions"}],"predecessor-version":[{"id":32888,"href":"https:\/\/megalicdb.rs\/index.php?rest_route=\/wp\/v2\/product\/32886\/revisions\/32888"}],"wp:featuredmedia":[{"embeddable":true,"href":"https:\/\/megalicdb.rs\/index.php?rest_route=\/wp\/v2\/media\/32887"}],"wp:attachment":[{"href":"https:\/\/megalicdb.rs\/index.php?rest_route=%2Fwp%2Fv2%2Fmedia&parent=32886"}],"wp:term":[{"taxonomy":"product_brand","embeddable":true,"href":"https:\/\/megalicdb.rs\/index.php?rest_route=%2Fwp%2Fv2%2Fproduct_brand&post=32886"},{"taxonomy":"product_cat","embeddable":true,"href":"https:\/\/megalicdb.rs\/index.php?rest_route=%2Fwp%2Fv2%2Fproduct_cat&post=32886"},{"taxonomy":"product_tag","embeddable":true,"href":"https:\/\/megalicdb.rs\/index.php?rest_route=%2Fwp%2Fv2%2Fproduct_tag&post=32886"}],"curies":[{"name":"wp","href":"https:\/\/api.w.org\/{rel}","templated":true}]}}