{"id":32889,"date":"2025-07-07T15:34:09","date_gmt":"2025-07-07T15:34:09","guid":{"rendered":"https:\/\/megalicdb.rs\/?post_type=product&#038;p=32889"},"modified":"2025-07-07T15:34:09","modified_gmt":"2025-07-07T15:34:09","slug":"obicna-glupava-ljubavna-prica-kejtlin-dojl","status":"publish","type":"product","link":"https:\/\/megalicdb.rs\/?product=obicna-glupava-ljubavna-prica-kejtlin-dojl","title":{"rendered":"Obi\u010dna glupava ljubavna pri\u010da Kejtlin Dojl"},"content":{"rendered":"<p><em>Savr\u0161ena knjiga za nepopravljive romantike.<br \/>\n<\/em><br \/>\n\u0160ta se dogodi kad se na godi\u0161njici mature sretnu filmska scenaristkinja romanti\u010dnih komedija koja ne veruje u ljubav i advokat za razvode koji u ljubav veruje?<\/p>\n<p>Moli Marks radi za holivudsku industriju \u2013 pi\u0161e scenarije romanti\u010dnih komedija. Naravno da je odavno skapirala da je romantika biznis. Samo je jednom bila dovoljno naivna da se zaljubi i to u srednjoj \u0161koli kada se zacopala u Seta, kojeg otad nije videla.<\/p>\n<p>Set Rubinstajn je jedan od najuspe\u0161nijih advokata za razvode u \u010cikagu. Uprkos svom poslu on veruje u ljubav i to onu veliku, sudbinsku, sa velikim slovom Lj. Ali nema sre\u0107e. Imao je mnogo povr\u0161nih veza, lo\u0161ih sastanaka i nije vredelo. Set zna da je jedinu srodnu du\u0161u upoznao u srednjoj \u0161koli. To je Moli Marks, prva devojka koju je imao i koja mu je slomila srce.<\/p>\n<p>Kada na nagovor prijatelja Moli pristane da ode na Floridu gde se odr\u017eava petnaestogodi\u0161njica njene mature, neizbe\u017eno sre\u0107e Seta. Nakon previ\u0161e martinija njih dvoje \u0107e se opkladiti: moraju da predvide sudbinu pet parova koji su do\u0161li na okupljanje. Posle pet godina vide\u0107e se ko je bio u pravu i oda\u0107e mu se priznanje da se razume u ljubav. Samo \u0161to tu postoji i jedna za\u010dkoljica, peti par su Moli i Set.<\/p>\n<p>Moli uverava Seta da su oni beznade\u017ean slu\u010daj, a Set joj obe\u0107ava da \u0107e se ona ludo zaljubiti u njega. Ona ga ne shvata ozbiljno. On ima pet godina da joj doka\u017ee suprotno.<\/p>\n<p>Zarazno duhovita, seksi, vedra i ne\u017ena kao \u0161to svaka savr\u0161ena romanti\u010dna komedija i treba da bude,\u00a0<em>Obi\u010dna glupava ljubavna pri\u010da<\/em>\u00a0pravi je poklon za sve one koji veruju u ljubav, \u010dak i ako to nikad ne bi priznali.<\/p>\n","protected":false},"excerpt":{"rendered":"<p>Savr\u0161ena knjiga za nepopravljive romantike. \u0160ta se dogodi kad se na godi\u0161njici mature sretnu filmska scenaristkinja romanti\u010dnih komedija koja ne<\/p>\n","protected":false},"featured_media":32890,"comment_status":"open","ping_status":"closed","template":"","meta":[],"product_brand":[],"product_cat":[416,324],"product_tag":[],"class_list":{"0":"post-32889","1":"product","2":"type-product","3":"status-publish","4":"has-post-thumbnail","6":"product_cat-beletristika","7":"product_cat-knjige","9":"first","10":"instock","11":"taxable","12":"shipping-taxable","13":"purchasable","14":"product-type-simple"},"aioseo_notices":[],"_links":{"self":[{"href":"https:\/\/megalicdb.rs\/index.php?rest_route=\/wp\/v2\/product\/32889","targetHints":{"allow":["GET"]}}],"collection":[{"href":"https:\/\/megalicdb.rs\/index.php?rest_route=\/wp\/v2\/product"}],"about":[{"href":"https:\/\/megalicdb.rs\/index.php?rest_route=\/wp\/v2\/types\/product"}],"replies":[{"embeddable":true,"href":"https:\/\/megalicdb.rs\/index.php?rest_route=%2Fwp%2Fv2%2Fcomments&post=32889"}],"version-history":[{"count":1,"href":"https:\/\/megalicdb.rs\/index.php?rest_route=\/wp\/v2\/product\/32889\/revisions"}],"predecessor-version":[{"id":32891,"href":"https:\/\/megalicdb.rs\/index.php?rest_route=\/wp\/v2\/product\/32889\/revisions\/32891"}],"wp:featuredmedia":[{"embeddable":true,"href":"https:\/\/megalicdb.rs\/index.php?rest_route=\/wp\/v2\/media\/32890"}],"wp:attachment":[{"href":"https:\/\/megalicdb.rs\/index.php?rest_route=%2Fwp%2Fv2%2Fmedia&parent=32889"}],"wp:term":[{"taxonomy":"product_brand","embeddable":true,"href":"https:\/\/megalicdb.rs\/index.php?rest_route=%2Fwp%2Fv2%2Fproduct_brand&post=32889"},{"taxonomy":"product_cat","embeddable":true,"href":"https:\/\/megalicdb.rs\/index.php?rest_route=%2Fwp%2Fv2%2Fproduct_cat&post=32889"},{"taxonomy":"product_tag","embeddable":true,"href":"https:\/\/megalicdb.rs\/index.php?rest_route=%2Fwp%2Fv2%2Fproduct_tag&post=32889"}],"curies":[{"name":"wp","href":"https:\/\/api.w.org\/{rel}","templated":true}]}}