{"id":32923,"date":"2025-07-07T17:16:02","date_gmt":"2025-07-07T17:16:02","guid":{"rendered":"https:\/\/megalicdb.rs\/?post_type=product&#038;p=32923"},"modified":"2025-07-07T17:16:02","modified_gmt":"2025-07-07T17:16:02","slug":"francuskinja-u-njujorku-ana-adams","status":"publish","type":"product","link":"https:\/\/megalicdb.rs\/?product=francuskinja-u-njujorku-ana-adams","title":{"rendered":"Francuskinja u Njujorku Ana Adams"},"content":{"rendered":"<div class=\"block product-details-info\">\n<div class=\"description  read-more-text\" data-characters=\"320\" data-characters-mobile=\"250\" data-lesstext=\"Manje detalja\" data-moretext=\"Detaljnije\"><span class=\"morecontent\"><span class=\"full-content content-full\">Romanti\u010dna komedija o jednoj sasvim obi\u010dnoj devojci i njenom snu.<\/p>\n<p>Mod Loran je siro\u010de. Odrasla je u malom gradu na severu Francuske, ma\u0161taju\u0107i o tome da postane operska zvezda i da nastupa na velikim scenama Pariza, a njen predivni glas i bezgrani\u010dna strast prema klaviru daju joj snagu da se suo\u010di sa \u017eivotom.<\/p>\n<p>Jednog dana, dok se \u0161eta Parizom, desi\u0107e se susret koji \u0107e joj promeniti \u017eivot: poznati influenser je snima dok peva i postavlja snimak na dru\u0161tvene mre\u017ee. Video postaje viralan, a jedan producent, odu\u0161evljen njenim talentom, poziva je da se preseli u Njujork. Mod jedva da mo\u017ee da poveruje da njen san postaje stvarnost: takve pri\u010de de\u0161avaju se samo u filmovima, svakako ne stidljivim devojkama poput nje.<\/p>\n<p>Mod prihvata izazov, ali to nije sve \u2013 sa njom \u0107e raditi Met Duran, iritantna i arogantna pop zvezda. Ona mrzi njega i njegove pesme, ali mora\u0107e da ostavi to po strani ako \u017eeli da uspe. Jedno je sigurno: \u010deka je najve\u0107a avantura u \u017eivotu, samo treba da se prepusti i zgrabi svoju sre\u0107u!<\/span><a class=\"morelink btn btn-sm btn-ghost read-more-btn\" href=\"https:\/\/www.vulkani.rs\/beletristika\/5450-francuskinja-u-njujorku\">Manje detalja<\/a><\/span><\/div>\n<\/div>\n<div class=\"block detail-product-info-lists \"><\/div>\n<div class=\"block product-details-price\"><\/div>\n","protected":false},"excerpt":{"rendered":"<p>Romanti\u010dna komedija o jednoj sasvim obi\u010dnoj devojci i njenom snu. Mod Loran je siro\u010de. Odrasla je u malom gradu na<\/p>\n","protected":false},"featured_media":32924,"comment_status":"open","ping_status":"closed","template":"","meta":[],"product_brand":[],"product_cat":[416,324],"product_tag":[],"class_list":{"0":"post-32923","1":"product","2":"type-product","3":"status-publish","4":"has-post-thumbnail","6":"product_cat-beletristika","7":"product_cat-knjige","9":"first","10":"instock","11":"taxable","12":"shipping-taxable","13":"purchasable","14":"product-type-simple"},"aioseo_notices":[],"_links":{"self":[{"href":"https:\/\/megalicdb.rs\/index.php?rest_route=\/wp\/v2\/product\/32923","targetHints":{"allow":["GET"]}}],"collection":[{"href":"https:\/\/megalicdb.rs\/index.php?rest_route=\/wp\/v2\/product"}],"about":[{"href":"https:\/\/megalicdb.rs\/index.php?rest_route=\/wp\/v2\/types\/product"}],"replies":[{"embeddable":true,"href":"https:\/\/megalicdb.rs\/index.php?rest_route=%2Fwp%2Fv2%2Fcomments&post=32923"}],"version-history":[{"count":1,"href":"https:\/\/megalicdb.rs\/index.php?rest_route=\/wp\/v2\/product\/32923\/revisions"}],"predecessor-version":[{"id":32925,"href":"https:\/\/megalicdb.rs\/index.php?rest_route=\/wp\/v2\/product\/32923\/revisions\/32925"}],"wp:featuredmedia":[{"embeddable":true,"href":"https:\/\/megalicdb.rs\/index.php?rest_route=\/wp\/v2\/media\/32924"}],"wp:attachment":[{"href":"https:\/\/megalicdb.rs\/index.php?rest_route=%2Fwp%2Fv2%2Fmedia&parent=32923"}],"wp:term":[{"taxonomy":"product_brand","embeddable":true,"href":"https:\/\/megalicdb.rs\/index.php?rest_route=%2Fwp%2Fv2%2Fproduct_brand&post=32923"},{"taxonomy":"product_cat","embeddable":true,"href":"https:\/\/megalicdb.rs\/index.php?rest_route=%2Fwp%2Fv2%2Fproduct_cat&post=32923"},{"taxonomy":"product_tag","embeddable":true,"href":"https:\/\/megalicdb.rs\/index.php?rest_route=%2Fwp%2Fv2%2Fproduct_tag&post=32923"}],"curies":[{"name":"wp","href":"https:\/\/api.w.org\/{rel}","templated":true}]}}