{"id":32947,"date":"2025-07-07T17:40:32","date_gmt":"2025-07-07T17:40:32","guid":{"rendered":"https:\/\/megalicdb.rs\/?post_type=product&#038;p=32947"},"modified":"2025-11-24T09:39:32","modified_gmt":"2025-11-24T09:39:32","slug":"dnevnik-jednog-direktora-stiven-bartlet","status":"publish","type":"product","link":"https:\/\/megalicdb.rs\/?product=dnevnik-jednog-direktora-stiven-bartlet","title":{"rendered":"Dnevnik jednog direktora Stiven Bartlet"},"content":{"rendered":"<div><em>The Diary of a CEO<\/em><\/p>\n<p>33 zakona biznisa i \u017eivota<\/p>\n<p><em>The Diary of a CEO\u00a0<\/em>jedan je od najpoznatijih podkasta, sa milionima pregleda dnevno, u kojem Stiven Bartlet intervjui\u0161e najuspe\u0161nije ljude u svetu biznisa i politike, sportiste, umetnike, nau\u010dnike. Autor vodi inspirativne razgovore o li\u010dnom razvoju, preduzetni\u0161tvu i putu do vrha i pokre\u0107e aktuelne teme sa stru\u010dnjacima iz razli\u010ditih oblasti, \u0161to ga \u010dini omiljenim me\u0111u onima \u017eeljnim inspiracije i prakti\u010dnih saveta.<\/div>\n<div>\nOvo nije knjiga o poslovnoj strategiji. Strategija se menja kao godi\u0161nja doba. Ovo je knjiga o ne\u010demu mnogo trajnijem.<\/p>\n<p>U samom srcu svakog uspeha i neuspeha \u2013 i mog sopstvenog preduzetni\u010dkog puta i u pri\u010dama iz nekoliko hiljada intervjua koje sam uradio u svom podkastu \u2013 nalazi se skup principa koji mogu da izdr\u017ee test vremena, primenjuju se na bilo koju industriju i mo\u017ee ih koristiti svako ko gradi ne\u0161to veliko ili \u017eeli da postane neko veliki.<\/p>\n<p>Ovo su fundamentalni zakoni pomo\u0107u kojih \u0107ete biti izvrsni u poslu kojim se bavite.<\/p>\n<p>33 zakona biznisa i \u017eivota ukorenjena su u psihologiji i bihevioralnim naukama, zasnovana su na mudrosti desetina hiljada ljudi koje sam anketirao na svim kontinentima i u svim starosnim grupama, i naravno, izvu\u010dena iz razgovora koje sam vodio u svom podkastu sa najuspe\u0161nijim ljudima na svetu.<\/p>\n<p>Ovi zakoni \u0107e funkcionisati sada ili za 100 godina od sada. Da li ste spremni da se upoznate s njima?<br \/>\n\u2013 Stiven Bartlet<\/p>\n<p>\u201eKona\u010dno, knjiga o uspehu u dana\u0161njem svetu, napisana iz perspektive nekoga ko je pro\u0161ao kroz to. Pametna, inspirativna i realna. Mnogo sam nau\u010dio iz Stivenovog rada.\u201c<br \/>\n\u2013 Mo Gavdat<\/p><\/div>\n","protected":false},"excerpt":{"rendered":"<p>The Diary of a CEO 33 zakona biznisa i \u017eivota The Diary of a CEO\u00a0jedan je od najpoznatijih podkasta, sa<\/p>\n","protected":false},"featured_media":32948,"comment_status":"open","ping_status":"closed","template":"","meta":[],"product_brand":[],"product_cat":[324,417],"product_tag":[],"class_list":{"0":"post-32947","1":"product","2":"type-product","3":"status-publish","4":"has-post-thumbnail","6":"product_cat-knjige","7":"product_cat-knjizevnost-za-odrasle","9":"first","10":"outofstock","11":"featured","12":"taxable","13":"shipping-taxable","14":"purchasable","15":"product-type-simple"},"aioseo_notices":[],"_links":{"self":[{"href":"https:\/\/megalicdb.rs\/index.php?rest_route=\/wp\/v2\/product\/32947","targetHints":{"allow":["GET"]}}],"collection":[{"href":"https:\/\/megalicdb.rs\/index.php?rest_route=\/wp\/v2\/product"}],"about":[{"href":"https:\/\/megalicdb.rs\/index.php?rest_route=\/wp\/v2\/types\/product"}],"replies":[{"embeddable":true,"href":"https:\/\/megalicdb.rs\/index.php?rest_route=%2Fwp%2Fv2%2Fcomments&post=32947"}],"version-history":[{"count":1,"href":"https:\/\/megalicdb.rs\/index.php?rest_route=\/wp\/v2\/product\/32947\/revisions"}],"predecessor-version":[{"id":32949,"href":"https:\/\/megalicdb.rs\/index.php?rest_route=\/wp\/v2\/product\/32947\/revisions\/32949"}],"wp:featuredmedia":[{"embeddable":true,"href":"https:\/\/megalicdb.rs\/index.php?rest_route=\/wp\/v2\/media\/32948"}],"wp:attachment":[{"href":"https:\/\/megalicdb.rs\/index.php?rest_route=%2Fwp%2Fv2%2Fmedia&parent=32947"}],"wp:term":[{"taxonomy":"product_brand","embeddable":true,"href":"https:\/\/megalicdb.rs\/index.php?rest_route=%2Fwp%2Fv2%2Fproduct_brand&post=32947"},{"taxonomy":"product_cat","embeddable":true,"href":"https:\/\/megalicdb.rs\/index.php?rest_route=%2Fwp%2Fv2%2Fproduct_cat&post=32947"},{"taxonomy":"product_tag","embeddable":true,"href":"https:\/\/megalicdb.rs\/index.php?rest_route=%2Fwp%2Fv2%2Fproduct_tag&post=32947"}],"curies":[{"name":"wp","href":"https:\/\/api.w.org\/{rel}","templated":true}]}}