{"id":32964,"date":"2025-07-10T06:13:48","date_gmt":"2025-07-10T06:13:48","guid":{"rendered":"https:\/\/megalicdb.rs\/?post_type=product&#038;p=32964"},"modified":"2025-07-10T06:13:48","modified_gmt":"2025-07-10T06:13:48","slug":"vodic-kroz-ljubavnu-istoriju-beograda-knjiga-druga-nenad-novak-stefanovic","status":"publish","type":"product","link":"https:\/\/megalicdb.rs\/?product=vodic-kroz-ljubavnu-istoriju-beograda-knjiga-druga-nenad-novak-stefanovic","title":{"rendered":"Vodi\u010d kroz ljubavnu istoriju Beograda \u2013 knjiga druga Nenad Novak Stefanovi\u0107"},"content":{"rendered":"<div>Nastavak kultnog bestselera<\/div>\n<div>\nSedam godina po\u0161to je prvi put pro\u0161etao beogradskim ulicama gledaju\u0107i na njih kroz prizmu ljubavi, Nenad Novak Stefanovi\u0107 nas ponovo poziva na nezaboravno putovanje kroz vreme i sudbine. U ovom uzbudljivom nastavku \u010ditamo o fascinantnim ljubavnim pri\u010dama beogradskih parova umetnika, filozofa i revolucionara, koje su oblikovale du\u0161u grada. Kroz dokumenta i svedo\u010denja o porodi\u010dnim tajnama, Stefanovi\u0107 nas uvodi u sentimentalnu povest Beograda, ne zaboravljaju\u0107i zna\u010dajne doga\u0111aje i arhitektonske stilove.<\/p>\n<p>U knjizi \u0107ete upoznati ljubavne i \u017eivotne pri\u010de slikarskog para Steve Todorovi\u0107a i Poleksije Ban; sazna\u0107ete koga je i gde volela prva srpska doktorka filozofije Ksenija Atanasijevi\u0107; \u0161ta je vezivalo Anicu Savi\u0107 Rebac i Milo\u0161a Crnjanskog; ko je bio i gde je \u017eiveo prvi srpski seksolog; gde su i kako \u017eiveli najpoznatiji ljubavni parovi umetni\u010dke grupe Mediala i avangardnog pokreta zenitizam\u2026<\/p>\n<p>Tako\u0111e, kroz pri\u010de o prvoj operskoj divi Beograda, tajnom ljubavnom \u017eivotu elite Kraljevine Jugoslavije, ali i kroz intrigantne skandale na Dedinju u vreme komunizma, Nenad Novak Stefanovi\u0107 \u0107e vas provesti kroz skrivene kutke beogradskih ulica i domova.<\/p>\n<p>Pridru\u017eite se autoru u ovom literarnom vremeplovu i otkrijte ljubavne tajne na\u0161e prestonice!<\/p><\/div>\n","protected":false},"excerpt":{"rendered":"<p>Nastavak kultnog bestselera Sedam godina po\u0161to je prvi put pro\u0161etao beogradskim ulicama gledaju\u0107i na njih kroz prizmu ljubavi, Nenad Novak<\/p>\n","protected":false},"featured_media":33301,"comment_status":"open","ping_status":"closed","template":"","meta":[],"product_brand":[],"product_cat":[416,324],"product_tag":[],"class_list":{"0":"post-32964","1":"product","2":"type-product","3":"status-publish","4":"has-post-thumbnail","6":"product_cat-beletristika","7":"product_cat-knjige","9":"first","10":"instock","11":"taxable","12":"shipping-taxable","13":"purchasable","14":"product-type-simple"},"aioseo_notices":[],"_links":{"self":[{"href":"https:\/\/megalicdb.rs\/index.php?rest_route=\/wp\/v2\/product\/32964","targetHints":{"allow":["GET"]}}],"collection":[{"href":"https:\/\/megalicdb.rs\/index.php?rest_route=\/wp\/v2\/product"}],"about":[{"href":"https:\/\/megalicdb.rs\/index.php?rest_route=\/wp\/v2\/types\/product"}],"replies":[{"embeddable":true,"href":"https:\/\/megalicdb.rs\/index.php?rest_route=%2Fwp%2Fv2%2Fcomments&post=32964"}],"version-history":[{"count":2,"href":"https:\/\/megalicdb.rs\/index.php?rest_route=\/wp\/v2\/product\/32964\/revisions"}],"predecessor-version":[{"id":33302,"href":"https:\/\/megalicdb.rs\/index.php?rest_route=\/wp\/v2\/product\/32964\/revisions\/33302"}],"wp:featuredmedia":[{"embeddable":true,"href":"https:\/\/megalicdb.rs\/index.php?rest_route=\/wp\/v2\/media\/33301"}],"wp:attachment":[{"href":"https:\/\/megalicdb.rs\/index.php?rest_route=%2Fwp%2Fv2%2Fmedia&parent=32964"}],"wp:term":[{"taxonomy":"product_brand","embeddable":true,"href":"https:\/\/megalicdb.rs\/index.php?rest_route=%2Fwp%2Fv2%2Fproduct_brand&post=32964"},{"taxonomy":"product_cat","embeddable":true,"href":"https:\/\/megalicdb.rs\/index.php?rest_route=%2Fwp%2Fv2%2Fproduct_cat&post=32964"},{"taxonomy":"product_tag","embeddable":true,"href":"https:\/\/megalicdb.rs\/index.php?rest_route=%2Fwp%2Fv2%2Fproduct_tag&post=32964"}],"curies":[{"name":"wp","href":"https:\/\/api.w.org\/{rel}","templated":true}]}}