{"id":33019,"date":"2025-07-08T16:41:28","date_gmt":"2025-07-08T16:41:28","guid":{"rendered":"https:\/\/megalicdb.rs\/?post_type=product&#038;p=33019"},"modified":"2025-07-08T16:41:28","modified_gmt":"2025-07-08T16:41:28","slug":"sinajski-testament-vanja-bulic","status":"publish","type":"product","link":"https:\/\/megalicdb.rs\/?product=sinajski-testament-vanja-bulic","title":{"rendered":"Sinajski testament Vanja Buli\u0107"},"content":{"rendered":"<p>Kako pro\u010ditati ono \u0161to nije napisano.<\/p>\n<p>U tek probu\u0111enom Beogradu, ispred jevrejske sinagoge, ubijen je pravoslavni monah Arkadije. Na obdukciji lekar konstatuje da je monah imao ugra\u0111en \u010dip ispod ko\u017ee u pazu\u0161noj jami. Ubistvo je obavijeno velom tajne koju \u0107utanjem podsti\u010du policija i sudstvo. Novinar Novak Ivanovi\u0107, i pored zabrane da o tome istra\u017euje i pi\u0161e, uz pomo\u0107 privatnog detektiva Obrada dolazi do saznanja da ubijeni monah ima trostruki identitet i da je u Beograd do\u0161ao zahvaljuju\u0107i saradnji tajnih policija Srbije i Izraela.<\/p>\n<p>Novakovu pa\u017enju najzad privla\u010di Sinajski psaltir, molitvenik pisan glagoljicom u jedanaestom veku, sa dosad prona\u0111enih 209 stranica. Za nestalim stranicama tragaju tajne slu\u017ebe nekoliko dr\u017eava i jedan investicioni fond iz Amerike&#8230; \u0160ta se nalazilo na ukradenim stranicama? Kriju li one dogovor predaka o podeli Sinajske pustinje, koja spaja Izrael i Egipat? Da li te stranice skrivaju dogovor o budu\u0107nosti Palestine?<\/p>\n<p>Za\u0161to je la\u017eni monah Arkadije za izgubljenim stranicama tragao u Srbiji? Dva manastira \u2013 Tumane i Gornjak \u2013 na vi\u0161e na\u010dina su vezani za Sinaj i Manastir Svete Katarine, gde je nastao Sinajski psaltir. Novak obilazi te manastire i upoznaje isposnika Zosima, za koga monasi ka\u017eu da je \u201e\u010duvar tajne\u201c&#8230;<\/p>\n<p>Napeta drama sa nekoliko misterioznih ubistava razre\u0161ava se u gudurama Gornja\u010dke klisure, u sru\u0161enom manastiru Blagove\u0161tenje&#8230;<\/p>\n","protected":false},"excerpt":{"rendered":"<p>Kako pro\u010ditati ono \u0161to nije napisano. U tek probu\u0111enom Beogradu, ispred jevrejske sinagoge, ubijen je pravoslavni monah Arkadije. Na obdukciji<\/p>\n","protected":false},"featured_media":33020,"comment_status":"open","ping_status":"closed","template":"","meta":[],"product_brand":[],"product_cat":[324,417],"product_tag":[],"class_list":{"0":"post-33019","1":"product","2":"type-product","3":"status-publish","4":"has-post-thumbnail","6":"product_cat-knjige","7":"product_cat-knjizevnost-za-odrasle","9":"first","10":"instock","11":"taxable","12":"shipping-taxable","13":"purchasable","14":"product-type-simple"},"aioseo_notices":[],"_links":{"self":[{"href":"https:\/\/megalicdb.rs\/index.php?rest_route=\/wp\/v2\/product\/33019","targetHints":{"allow":["GET"]}}],"collection":[{"href":"https:\/\/megalicdb.rs\/index.php?rest_route=\/wp\/v2\/product"}],"about":[{"href":"https:\/\/megalicdb.rs\/index.php?rest_route=\/wp\/v2\/types\/product"}],"replies":[{"embeddable":true,"href":"https:\/\/megalicdb.rs\/index.php?rest_route=%2Fwp%2Fv2%2Fcomments&post=33019"}],"version-history":[{"count":1,"href":"https:\/\/megalicdb.rs\/index.php?rest_route=\/wp\/v2\/product\/33019\/revisions"}],"predecessor-version":[{"id":33021,"href":"https:\/\/megalicdb.rs\/index.php?rest_route=\/wp\/v2\/product\/33019\/revisions\/33021"}],"wp:featuredmedia":[{"embeddable":true,"href":"https:\/\/megalicdb.rs\/index.php?rest_route=\/wp\/v2\/media\/33020"}],"wp:attachment":[{"href":"https:\/\/megalicdb.rs\/index.php?rest_route=%2Fwp%2Fv2%2Fmedia&parent=33019"}],"wp:term":[{"taxonomy":"product_brand","embeddable":true,"href":"https:\/\/megalicdb.rs\/index.php?rest_route=%2Fwp%2Fv2%2Fproduct_brand&post=33019"},{"taxonomy":"product_cat","embeddable":true,"href":"https:\/\/megalicdb.rs\/index.php?rest_route=%2Fwp%2Fv2%2Fproduct_cat&post=33019"},{"taxonomy":"product_tag","embeddable":true,"href":"https:\/\/megalicdb.rs\/index.php?rest_route=%2Fwp%2Fv2%2Fproduct_tag&post=33019"}],"curies":[{"name":"wp","href":"https:\/\/api.w.org\/{rel}","templated":true}]}}