{"id":33028,"date":"2025-07-08T16:46:22","date_gmt":"2025-07-08T16:46:22","guid":{"rendered":"https:\/\/megalicdb.rs\/?post_type=product&#038;p=33028"},"modified":"2025-07-11T08:28:53","modified_gmt":"2025-07-11T08:28:53","slug":"majcina-ruka-igor-marojevic","status":"publish","type":"product","link":"https:\/\/megalicdb.rs\/?product=majcina-ruka-igor-marojevic","title":{"rendered":"Maj\u010dina ruka Igor Marojevi\u0107"},"content":{"rendered":"<p>Nesumnjivo najzreliji Marojevi\u0107ev roman do sada,\u00a0<em>Maj\u010dina ruka<\/em>\u00a0prvi put u srpskoj knji\u017eevnosti otvoreno i ubedljivo rasvetljava osetljivu i bolnu temu odnosa novih vlasti i doma\u0107eg stanovni\u0161tva prema folksdoj\u010derima posle II svetskog rata.<\/p>\n<p>Glavni junak je gimnazijalac \u010diji je jedini san da se oslobodi nevinosti. U potrazi za \u017eenama i devojkama, upoznaje dve Nemice, svoju vr\u0161njakinju Hertu i njenu znatno stariju sestru Sonju. Naizgled jo\u0161 jedan Marojevi\u0107ev roman o ljubavnom trouglu neosetno prelazi u uznemiruju\u0107u pri\u010du o porodici \u0160leser i drugim \u201e\u0160vabama\u201c, ve\u0107inom civilima, koje je izme\u0111u 1944. i 1948. godine zadesio izgon iz socijalisti\u010dke Jugoslavije ili smrt i poni\u017eenja u vojvo\u0111anskim logorima. Tako u ovom romanu doslovno osloba\u0111anje od nevinosti nosi i dodatno zna\u010denje koje se odnosi na istoriju, na istinu koju je sve do tada, krajem sedamdesetih godina pro\u0161log veka, de\u010dakova familija na \u010delu sa majkom krila od glavnog junaka.<\/p>\n<p>Kome je pripadala ku\u0107a u koju se posle rata, me\u0111u mnogim drugim kolonistima, uselila njegova porodica? Kakvo je sazrevanje mladih ljudi pod neo\u010dekivanom senkom istorije? Koliko je mogu\u0107a ljubav optere\u0107ena pove\u0161\u0107u? Ovo su samo neka od pitanja koja\u00a0<em>Maj\u010dina ruka<\/em>\u00a0pokre\u0107e na uzbudljiv, duhovit i intrigantan na\u010din.<\/p>\n<p>\u201eDivim se\u2026 britkoj ironiji Igora Marojevi\u0107a.\u201c Matijas Enar,\u00a0<em>Politika<\/em><\/p>\n<p>\u201eUpoznat sam sa srpskom istorijom, tradicijom, kulturom, umetno\u0161\u0107u&#8230; \u2018Favoriti\u2019 su mi: Ivo Andri\u0107, Igor Marojevi\u0107, Emir Kusturica\u2026\u201c Huan Gomez Hurado,\u00a0<em>Ve\u010dernje novosti<\/em><\/p>\n","protected":false},"excerpt":{"rendered":"<p>Nesumnjivo najzreliji Marojevi\u0107ev roman do sada,\u00a0Maj\u010dina ruka\u00a0prvi put u srpskoj knji\u017eevnosti otvoreno i ubedljivo rasvetljava osetljivu i bolnu temu odnosa<\/p>\n","protected":false},"featured_media":33029,"comment_status":"open","ping_status":"closed","template":"","meta":[],"product_brand":[],"product_cat":[411,324,417],"product_tag":[],"class_list":{"0":"post-33028","1":"product","2":"type-product","3":"status-publish","4":"has-post-thumbnail","6":"product_cat-akcija","7":"product_cat-knjige","8":"product_cat-knjizevnost-za-odrasle","10":"first","11":"instock","12":"sale","13":"taxable","14":"shipping-taxable","15":"purchasable","16":"product-type-simple"},"aioseo_notices":[],"_links":{"self":[{"href":"https:\/\/megalicdb.rs\/index.php?rest_route=\/wp\/v2\/product\/33028","targetHints":{"allow":["GET"]}}],"collection":[{"href":"https:\/\/megalicdb.rs\/index.php?rest_route=\/wp\/v2\/product"}],"about":[{"href":"https:\/\/megalicdb.rs\/index.php?rest_route=\/wp\/v2\/types\/product"}],"replies":[{"embeddable":true,"href":"https:\/\/megalicdb.rs\/index.php?rest_route=%2Fwp%2Fv2%2Fcomments&post=33028"}],"version-history":[{"count":1,"href":"https:\/\/megalicdb.rs\/index.php?rest_route=\/wp\/v2\/product\/33028\/revisions"}],"predecessor-version":[{"id":33030,"href":"https:\/\/megalicdb.rs\/index.php?rest_route=\/wp\/v2\/product\/33028\/revisions\/33030"}],"wp:featuredmedia":[{"embeddable":true,"href":"https:\/\/megalicdb.rs\/index.php?rest_route=\/wp\/v2\/media\/33029"}],"wp:attachment":[{"href":"https:\/\/megalicdb.rs\/index.php?rest_route=%2Fwp%2Fv2%2Fmedia&parent=33028"}],"wp:term":[{"taxonomy":"product_brand","embeddable":true,"href":"https:\/\/megalicdb.rs\/index.php?rest_route=%2Fwp%2Fv2%2Fproduct_brand&post=33028"},{"taxonomy":"product_cat","embeddable":true,"href":"https:\/\/megalicdb.rs\/index.php?rest_route=%2Fwp%2Fv2%2Fproduct_cat&post=33028"},{"taxonomy":"product_tag","embeddable":true,"href":"https:\/\/megalicdb.rs\/index.php?rest_route=%2Fwp%2Fv2%2Fproduct_tag&post=33028"}],"curies":[{"name":"wp","href":"https:\/\/api.w.org\/{rel}","templated":true}]}}