{"id":33064,"date":"2025-07-08T17:10:26","date_gmt":"2025-07-08T17:10:26","guid":{"rendered":"https:\/\/megalicdb.rs\/?post_type=product&#038;p=33064"},"modified":"2025-07-08T17:10:26","modified_gmt":"2025-07-08T17:10:26","slug":"zuti-safran-lejla-ibrahim","status":"publish","type":"product","link":"https:\/\/megalicdb.rs\/?product=zuti-safran-lejla-ibrahim","title":{"rendered":"\u017duti \u0161afran Lejla Ibrahim"},"content":{"rendered":"<div>\u201eSna\u017ena, emotivna pri\u010da koja od po\u010detka do kraja dira u srce.\u201c<br \/>\n\u2013\u00a0<em>Historical Novel Society<\/em><\/div>\n<div>\nOdmah po ro\u0111enju Lizbet je odvojena od majke i predata dojilji Meti, robinji i mladoj majci rastavljenoj od sopstvenog sin\u010di\u0107a da bi se starala o novoj maju\u0161noj \u0161ti\u0107enici. Tako po\u010dinje jedan sna\u017ean odnos koji \u0107e u narednim decenijama obema oblikovati \u017eivot. Iako Lizbet \u017eivi \u017eivotom povla\u0161\u0107ene klase, u dru\u0161tvu svoje prora\u010dunate majke i rigidnog oca robovlasnika pronalazi isklju\u010divo samo\u0107u. Kako Lizbet raste tako joj Meti postaje bli\u017ei rod nego sva njena porodica, a posete robovskom naselju \u2013 i njegovoj \u017eivahnoj i srda\u010dnoj zajednici \u2013 zbli\u017eavaju ih jo\u0161 vi\u0161e. No da li dve \u017eene ro\u0111ene u toliko razli\u010ditim okolnostima mogu da ostanu bliske bez posledica?<\/p>\n<p>Ova duboko dirljiva pripovest o neo\u010dekivanoj ljubavi prati \u017eivotni put dveju krajnje razli\u010ditih \u017eena koje, svaka na svoj na\u010din, te\u017ee ka slobodi i dostojanstvu.<em><br \/>\n<\/em><br \/>\n\u201eO\u010daravaju\u0107a pri\u010da koja nagoni na razmi\u0161ljanje. Obavezan izbor za svakog ko u\u017eiva u umetni\u010dkom prikazu istorije.\u201c<br \/>\n<em>\u2013 ForeWord Clarin Reviews<br \/>\n<\/em><br \/>\n\u201e<em>\u017duti \u0161afran<\/em>\u00a0pripoveda retko kazivanu pri\u010du o mukama odrastanja i roditeljstva u prelomnom periodu istorije Sjedinjenih Ameri\u010dkih Dr\u017eava. Dirljiva knjiga koja mi je ogrejala srce i izmamila smeh i suze.\u201c<br \/>\n\u2013 D\u017eil Miler<\/p>\n<p>\u201eS nepokolebljivom otvoreno\u0161\u0107u i saose\u0107anjem Lejla Ibrahim prikazuje odnos izme\u0111u crne robinje i bele devoj\u010dice i cenu kojom se pla\u0107a ljubav protivna pravilima.\u201c<br \/>\n\u2013 Heder Meklaud<\/p><\/div>\n","protected":false},"excerpt":{"rendered":"<p>\u201eSna\u017ena, emotivna pri\u010da koja od po\u010detka do kraja dira u srce.\u201c \u2013\u00a0Historical Novel Society Odmah po ro\u0111enju Lizbet je odvojena<\/p>\n","protected":false},"featured_media":33065,"comment_status":"open","ping_status":"closed","template":"","meta":[],"product_brand":[],"product_cat":[416,324],"product_tag":[],"class_list":{"0":"post-33064","1":"product","2":"type-product","3":"status-publish","4":"has-post-thumbnail","6":"product_cat-beletristika","7":"product_cat-knjige","9":"first","10":"instock","11":"taxable","12":"shipping-taxable","13":"purchasable","14":"product-type-simple"},"aioseo_notices":[],"_links":{"self":[{"href":"https:\/\/megalicdb.rs\/index.php?rest_route=\/wp\/v2\/product\/33064","targetHints":{"allow":["GET"]}}],"collection":[{"href":"https:\/\/megalicdb.rs\/index.php?rest_route=\/wp\/v2\/product"}],"about":[{"href":"https:\/\/megalicdb.rs\/index.php?rest_route=\/wp\/v2\/types\/product"}],"replies":[{"embeddable":true,"href":"https:\/\/megalicdb.rs\/index.php?rest_route=%2Fwp%2Fv2%2Fcomments&post=33064"}],"version-history":[{"count":1,"href":"https:\/\/megalicdb.rs\/index.php?rest_route=\/wp\/v2\/product\/33064\/revisions"}],"predecessor-version":[{"id":33066,"href":"https:\/\/megalicdb.rs\/index.php?rest_route=\/wp\/v2\/product\/33064\/revisions\/33066"}],"wp:featuredmedia":[{"embeddable":true,"href":"https:\/\/megalicdb.rs\/index.php?rest_route=\/wp\/v2\/media\/33065"}],"wp:attachment":[{"href":"https:\/\/megalicdb.rs\/index.php?rest_route=%2Fwp%2Fv2%2Fmedia&parent=33064"}],"wp:term":[{"taxonomy":"product_brand","embeddable":true,"href":"https:\/\/megalicdb.rs\/index.php?rest_route=%2Fwp%2Fv2%2Fproduct_brand&post=33064"},{"taxonomy":"product_cat","embeddable":true,"href":"https:\/\/megalicdb.rs\/index.php?rest_route=%2Fwp%2Fv2%2Fproduct_cat&post=33064"},{"taxonomy":"product_tag","embeddable":true,"href":"https:\/\/megalicdb.rs\/index.php?rest_route=%2Fwp%2Fv2%2Fproduct_tag&post=33064"}],"curies":[{"name":"wp","href":"https:\/\/api.w.org\/{rel}","templated":true}]}}