{"id":33079,"date":"2025-07-08T17:27:17","date_gmt":"2025-07-08T17:27:17","guid":{"rendered":"https:\/\/megalicdb.rs\/?post_type=product&#038;p=33079"},"modified":"2025-07-11T09:39:38","modified_gmt":"2025-07-11T09:39:38","slug":"ogledi-o-ljubavi-i-slobodi-zorica-kuburovic","status":"publish","type":"product","link":"https:\/\/megalicdb.rs\/?product=ogledi-o-ljubavi-i-slobodi-zorica-kuburovic","title":{"rendered":"Ogledi o ljubavi i slobodi Zorica Kuburovi\u0107"},"content":{"rendered":"<p>\u201eLjubav je isklju\u010diva \u2013 samo ako \u010ditavo bi\u0107e usmeri\u0161 u jednom pravcu, mo\u017ee\u0161 da do\u017eivi\u0161 potpuno ispunjenje.\u201c<\/p>\n<p>\u201eNovi roman Zorice Kuburovi\u0107 je lirska proza o drami prevazila\u017eenja granice izme\u0111u Ja i Ti. Ovo je knjiga o onima koji tra\u017ee saglasje li\u010dne slobode i zajedni\u0161tva sa drugim kao i dokaz da se ni o ljubavi ni o slobodi ne mo\u017ee pisati sa uverenjem da ta velika pri\u010da ljudske egzistencije ima svoj zavr\u0161etak. Jer, poru\u010duje nam Zorica Kuburovi\u0107, kada je ljubav beskompromisna, kroz voljeno bi\u0107e spoznaje se s\u00e2m Bog.\u201c\u00a0Nikola Marinkovi\u0107<\/p>\n<p>\u201eStvarala\u0161tvo Zorice Kuburovi\u0107 ima jedinstvenu i neprocenjivu osobinu: ono je lekovito. Njene knjige, bez obzira na to da li su romani, bajke za malu ili veliku decu, pesme ili pripovetke, u svojoj sr\u017ei su lek za sva\u010diju du\u0161u. Ono \u0161to Zorica ka\u017ee u svojim knjigama danas se vrlo retko mo\u017ee \u010duti ili pro\u010ditati: da zaista vredi i da je mogu\u0107e ostati uspravan i da takvi na kraju pobe\u0111uju, koliko god to izgledalo nemogu\u0107e.\u201c\u00a0Irina Stoji\u010devi\u0107<\/p>\n<p>\u201eRoman napisan beskompromisnom otvoreno\u0161\u0107u o erotskim, porodi\u010dnim i intelektualnim odnosima, ujedno je i blistava slika napete i dinami\u010dne stvarnosti. Knji\u017eevnim inovacijama ovo delo doprinosi da se mnogi njegovi likovi razumeju, zavole i upamte&#8230;\u201c Laza Lazi\u0107<\/p>\n","protected":false},"excerpt":{"rendered":"<p>\u201eLjubav je isklju\u010diva \u2013 samo ako \u010ditavo bi\u0107e usmeri\u0161 u jednom pravcu, mo\u017ee\u0161 da do\u017eivi\u0161 potpuno ispunjenje.\u201c \u201eNovi roman Zorice<\/p>\n","protected":false},"featured_media":33080,"comment_status":"open","ping_status":"closed","template":"","meta":[],"product_brand":[],"product_cat":[411,20],"product_tag":[],"class_list":{"0":"post-33079","1":"product","2":"type-product","3":"status-publish","4":"has-post-thumbnail","6":"product_cat-akcija","7":"product_cat-kancelarija","9":"first","10":"instock","11":"sale","12":"taxable","13":"shipping-taxable","14":"purchasable","15":"product-type-simple"},"aioseo_notices":[],"_links":{"self":[{"href":"https:\/\/megalicdb.rs\/index.php?rest_route=\/wp\/v2\/product\/33079","targetHints":{"allow":["GET"]}}],"collection":[{"href":"https:\/\/megalicdb.rs\/index.php?rest_route=\/wp\/v2\/product"}],"about":[{"href":"https:\/\/megalicdb.rs\/index.php?rest_route=\/wp\/v2\/types\/product"}],"replies":[{"embeddable":true,"href":"https:\/\/megalicdb.rs\/index.php?rest_route=%2Fwp%2Fv2%2Fcomments&post=33079"}],"version-history":[{"count":1,"href":"https:\/\/megalicdb.rs\/index.php?rest_route=\/wp\/v2\/product\/33079\/revisions"}],"predecessor-version":[{"id":33081,"href":"https:\/\/megalicdb.rs\/index.php?rest_route=\/wp\/v2\/product\/33079\/revisions\/33081"}],"wp:featuredmedia":[{"embeddable":true,"href":"https:\/\/megalicdb.rs\/index.php?rest_route=\/wp\/v2\/media\/33080"}],"wp:attachment":[{"href":"https:\/\/megalicdb.rs\/index.php?rest_route=%2Fwp%2Fv2%2Fmedia&parent=33079"}],"wp:term":[{"taxonomy":"product_brand","embeddable":true,"href":"https:\/\/megalicdb.rs\/index.php?rest_route=%2Fwp%2Fv2%2Fproduct_brand&post=33079"},{"taxonomy":"product_cat","embeddable":true,"href":"https:\/\/megalicdb.rs\/index.php?rest_route=%2Fwp%2Fv2%2Fproduct_cat&post=33079"},{"taxonomy":"product_tag","embeddable":true,"href":"https:\/\/megalicdb.rs\/index.php?rest_route=%2Fwp%2Fv2%2Fproduct_tag&post=33079"}],"curies":[{"name":"wp","href":"https:\/\/api.w.org\/{rel}","templated":true}]}}