{"id":33100,"date":"2025-07-08T17:37:22","date_gmt":"2025-07-08T17:37:22","guid":{"rendered":"https:\/\/megalicdb.rs\/?post_type=product&#038;p=33100"},"modified":"2025-07-11T08:18:33","modified_gmt":"2025-07-11T08:18:33","slug":"sve-o-narkomaniji-slobodan-simic","status":"publish","type":"product","link":"https:\/\/megalicdb.rs\/?product=sve-o-narkomaniji-slobodan-simic","title":{"rendered":"Sve o narkomaniji Slobodan Simi\u0107"},"content":{"rendered":"<p>Jednostavno. Razumljivo. Prakti\u010dno. Primenljivo.<\/p>\n<p>Korisno za svaku porodicu, obrazovnu i zdravstvenu ustanovu i one koji imaju dileme, pitanja, nedoumice i nejasne predstave o ovoj pojavi.<\/p>\n<p>Cilj ovog priru\u010dnika je da na jasan i pristupa\u010dan na\u010din prezentuje najnovija saznanja o drogama, narkomaniji, bolestima zavisnosti, na\u010dinima le\u010denja i pona\u0161anju prema zavisnicima. Uz mnoge savete, obja\u0161njenja, tuma\u010denja i preporuke, prona\u0107i \u0107ete odgovore i na slede\u0107a pitanja:<\/p>\n<p>\u0160ta je droga?<br \/>\nKo su narkomani?<br \/>\nDa li je narkomanija bolest savremenog \u010dove\u010danstva?<br \/>\nDa li su neke li\u010dnosti sklonije razvoju zavisnosti?<br \/>\nKako droga uti\u010de na mozak?<br \/>\nKako se le\u010de bolesti zavisnosti?<br \/>\n\u0160ta treba \u010diniti da bi se narkomanija spre\u010dila?<br \/>\n\u0160ta uraditi ako otkrijete da va\u0161e dete uzima drogu?<br \/>\nKako identifikovati u\u010denike pod rizikom od narkomanije?<br \/>\nKako pomo\u0107i prijatelju ili partneru?<\/p>\n","protected":false},"excerpt":{"rendered":"<p>Jednostavno. Razumljivo. Prakti\u010dno. Primenljivo. Korisno za svaku porodicu, obrazovnu i zdravstvenu ustanovu i one koji imaju dileme, pitanja, nedoumice i<\/p>\n","protected":false},"featured_media":33101,"comment_status":"open","ping_status":"closed","template":"","meta":[],"product_brand":[],"product_cat":[411,324,417],"product_tag":[],"class_list":{"0":"post-33100","1":"product","2":"type-product","3":"status-publish","4":"has-post-thumbnail","6":"product_cat-akcija","7":"product_cat-knjige","8":"product_cat-knjizevnost-za-odrasle","10":"first","11":"instock","12":"sale","13":"taxable","14":"shipping-taxable","15":"purchasable","16":"product-type-simple"},"aioseo_notices":[],"_links":{"self":[{"href":"https:\/\/megalicdb.rs\/index.php?rest_route=\/wp\/v2\/product\/33100","targetHints":{"allow":["GET"]}}],"collection":[{"href":"https:\/\/megalicdb.rs\/index.php?rest_route=\/wp\/v2\/product"}],"about":[{"href":"https:\/\/megalicdb.rs\/index.php?rest_route=\/wp\/v2\/types\/product"}],"replies":[{"embeddable":true,"href":"https:\/\/megalicdb.rs\/index.php?rest_route=%2Fwp%2Fv2%2Fcomments&post=33100"}],"version-history":[{"count":1,"href":"https:\/\/megalicdb.rs\/index.php?rest_route=\/wp\/v2\/product\/33100\/revisions"}],"predecessor-version":[{"id":33102,"href":"https:\/\/megalicdb.rs\/index.php?rest_route=\/wp\/v2\/product\/33100\/revisions\/33102"}],"wp:featuredmedia":[{"embeddable":true,"href":"https:\/\/megalicdb.rs\/index.php?rest_route=\/wp\/v2\/media\/33101"}],"wp:attachment":[{"href":"https:\/\/megalicdb.rs\/index.php?rest_route=%2Fwp%2Fv2%2Fmedia&parent=33100"}],"wp:term":[{"taxonomy":"product_brand","embeddable":true,"href":"https:\/\/megalicdb.rs\/index.php?rest_route=%2Fwp%2Fv2%2Fproduct_brand&post=33100"},{"taxonomy":"product_cat","embeddable":true,"href":"https:\/\/megalicdb.rs\/index.php?rest_route=%2Fwp%2Fv2%2Fproduct_cat&post=33100"},{"taxonomy":"product_tag","embeddable":true,"href":"https:\/\/megalicdb.rs\/index.php?rest_route=%2Fwp%2Fv2%2Fproduct_tag&post=33100"}],"curies":[{"name":"wp","href":"https:\/\/api.w.org\/{rel}","templated":true}]}}