{"id":33118,"date":"2025-07-08T17:53:42","date_gmt":"2025-07-08T17:53:42","guid":{"rendered":"https:\/\/megalicdb.rs\/?post_type=product&#038;p=33118"},"modified":"2025-07-11T08:30:38","modified_gmt":"2025-07-11T08:30:38","slug":"sva-lica-sveta-dusan-velickovic","status":"publish","type":"product","link":"https:\/\/megalicdb.rs\/?product=sva-lica-sveta-dusan-velickovic","title":{"rendered":"Sva lica sveta Du\u0161an Veli\u010dkovi\u0107"},"content":{"rendered":"<p>Tri decenije sa najpoznatijim autorima na svim kontinentima.<\/p>\n<p>Kalvados sa Maksom Fri\u0161om u Cirihu. Sa Jens-Martinom Eriksenom na do\u010deku Srpske nove godine. Sa Suzan Zontag i Slovencima u Seulu. Sa Karlom Feltrinelijem u zemunskoj kafani\u00a0<em>Radecki<\/em>. Sa B. Vongarom i Dra\u017eom Mihailovi\u0107em u australijskoj d\u017eungli. Sa Arturom Milerom o Merlin Monro.<\/p>\n<p>\u0160ta govore i o \u010demu razmi\u0161ljaju najpoznatiji svetski autori, nobelovci i slavni bestseler pisci dok razgovaraju i dru\u017ee se sa Du\u0161anom Veli\u010dkovi\u0107em: za\u0161to je Trejsi \u0160evalije tr\u010dala maraton, ko je zaista bio Jer\u017ei Kosinski, u \u0161ta zapravo veruje Vilijam Pol Jang, \u0161ta Norman Mejler misli o evropskoj kulturi, \u0161ta piscima savetuje Alen Ginzberg\u2026<\/p>\n<p>Jedinstven zbir upe\u010datljivih i originalnih iskaza o svetu, \u017eivotu i stvarala\u0161tvu, inspirativna razmi\u0161ljanja slavnih savremenih pisaca koja se pamte!<\/p>\n","protected":false},"excerpt":{"rendered":"<p>Tri decenije sa najpoznatijim autorima na svim kontinentima. Kalvados sa Maksom Fri\u0161om u Cirihu. Sa Jens-Martinom Eriksenom na do\u010deku Srpske<\/p>\n","protected":false},"featured_media":33119,"comment_status":"open","ping_status":"closed","template":"","meta":[],"product_brand":[],"product_cat":[411,324,417],"product_tag":[],"class_list":{"0":"post-33118","1":"product","2":"type-product","3":"status-publish","4":"has-post-thumbnail","6":"product_cat-akcija","7":"product_cat-knjige","8":"product_cat-knjizevnost-za-odrasle","10":"first","11":"instock","12":"sale","13":"taxable","14":"shipping-taxable","15":"purchasable","16":"product-type-simple"},"aioseo_notices":[],"_links":{"self":[{"href":"https:\/\/megalicdb.rs\/index.php?rest_route=\/wp\/v2\/product\/33118","targetHints":{"allow":["GET"]}}],"collection":[{"href":"https:\/\/megalicdb.rs\/index.php?rest_route=\/wp\/v2\/product"}],"about":[{"href":"https:\/\/megalicdb.rs\/index.php?rest_route=\/wp\/v2\/types\/product"}],"replies":[{"embeddable":true,"href":"https:\/\/megalicdb.rs\/index.php?rest_route=%2Fwp%2Fv2%2Fcomments&post=33118"}],"version-history":[{"count":1,"href":"https:\/\/megalicdb.rs\/index.php?rest_route=\/wp\/v2\/product\/33118\/revisions"}],"predecessor-version":[{"id":33120,"href":"https:\/\/megalicdb.rs\/index.php?rest_route=\/wp\/v2\/product\/33118\/revisions\/33120"}],"wp:featuredmedia":[{"embeddable":true,"href":"https:\/\/megalicdb.rs\/index.php?rest_route=\/wp\/v2\/media\/33119"}],"wp:attachment":[{"href":"https:\/\/megalicdb.rs\/index.php?rest_route=%2Fwp%2Fv2%2Fmedia&parent=33118"}],"wp:term":[{"taxonomy":"product_brand","embeddable":true,"href":"https:\/\/megalicdb.rs\/index.php?rest_route=%2Fwp%2Fv2%2Fproduct_brand&post=33118"},{"taxonomy":"product_cat","embeddable":true,"href":"https:\/\/megalicdb.rs\/index.php?rest_route=%2Fwp%2Fv2%2Fproduct_cat&post=33118"},{"taxonomy":"product_tag","embeddable":true,"href":"https:\/\/megalicdb.rs\/index.php?rest_route=%2Fwp%2Fv2%2Fproduct_tag&post=33118"}],"curies":[{"name":"wp","href":"https:\/\/api.w.org\/{rel}","templated":true}]}}

Sva lica sveta Dušan Veličković

<p>Tri decenije sa najpoznatijim autorima na svim kontinentima.</p>
<p>Kalvados sa Maksom Frišom u Cirihu. Sa Jens-Martinom Eriksenom na dočeku Srpske nove godine. Sa Suzan Zontag i Slovencima u Seulu. Sa Karlom Feltrinelijem u zemunskoj kafani <em>Radecki</em>. Sa B. Vongarom i Dražom Mihailovićem u australijskoj džungli. Sa Arturom Milerom o Merlin Monro.</p>
<p>Šta govore i o čemu razmišljaju najpoznatiji svetski autori, nobelovci i slavni bestseler pisci dok razgovaraju i druže se sa Dušanom Veličkovićem: zašto je Trejsi Ševalije trčala maraton, ko je zaista bio Jerži Kosinski, u šta zapravo veruje Vilijam Pol Jang, šta Norman Mejler misli o evropskoj kulturi, šta piscima savetuje Alen Ginzberg…</p>
<p>Jedinstven zbir upečatljivih i originalnih iskaza o svetu, životu i stvaralaštvu, inspirativna razmišljanja slavnih savremenih pisaca koja se pamte!</p>

<p>Tri decenije sa najpoznatijim autorima na svim kontinentima. Kalvados sa Maksom Frišom u Cirihu. Sa Jens-Martinom Eriksenom na dočeku Srpske</p>
