{"id":33124,"date":"2025-07-08T17:56:15","date_gmt":"2025-07-08T17:56:15","guid":{"rendered":"https:\/\/megalicdb.rs\/?post_type=product&#038;p=33124"},"modified":"2025-07-08T17:56:15","modified_gmt":"2025-07-08T17:56:15","slug":"vitraz-u-secanju-vladimir-pistalo","status":"publish","type":"product","link":"https:\/\/megalicdb.rs\/?product=vitraz-u-secanju-vladimir-pistalo","title":{"rendered":"Vitra\u017e u se\u0107anju Vladimir Pi\u0161talo"},"content":{"rendered":"<p>Dobitnik Ninove nagrade.<\/p>\n<p>JEDNOSTAVNOST JE MO\u0106NIJA OD SOFISTICIRANOSTI!<\/p>\n<p>\u201eU predgovoru sam napisao da su od moja tri grada \u2013 Sarajeva, Mostara i Beograda \u2013 uni\u0161tena dva. U me\u0111uvremenu je i Beograd bio bombardovan. Ove pri\u010de govore o narastanju zla.<\/p>\n<p>U nekima od njih prikazan je svet od pre rata. Karakteri\u0161e ga prisilna naivnost. O zlu se nije smelo govoriti. Zato na\u0161 tada\u0161nji \u017eivot i nije bio stvaran. Ipak ljudi su imali utisak da su za\u0161ti\u0107eni. Mo\u017eda \u0107ete primetiti da se u ovoj knjizi o izvorima autoriteta, kao \u0161to su vojska i policija, govori bez entuzijazma. Kad su ratovi do\u0161li, nagledali smo se kukavi\u010dluka u formi juna\u010denja. Mnogi nisu imali ni simpatije ni mentalne snage za iskrenost. Ne\u017eno su nabrajali boje carevog novog odela. Retki su viknuli \u2013 Car je go!<\/p>\n<p>Kao svaki pisac u ovim pri\u010dama sam tra\u017eio na\u010din da progovorim o stvarima o kojima nisam znao kako. Najva\u017enije saznanje ove knjige je da postmodernisti\u010dke igre mogu zaklju\u010dati pisca u ve\u010dnu nezrelost\u2026 ako se ne suo\u010di sa stvarnim svetom\u2026 Drugo saznanje je da \u010dovek, kad shvati da je neza\u0161ti\u0107en, postaje ponovo ro\u0111en. Tre\u0107e \u2013 onaj ko odbija da prepozna zver u sebi biva pojeden. Kao sredstvo suo\u010davanja, jednostavnost je mo\u0107nija od sofisticiranosti. A najva\u017enije saznanje jeste da onaj ko ne ispri\u010da svoju pri\u010du ostaje pod ve\u010dnim starateljstvom drugih.\u201c<br \/>\n\u2013 Iz autorovog pogovora<\/p>\n<p>\u201eStalnost Pi\u0161talovih opservacija na marginama sveta kona\u010dnih stvari dobija novu dimenziju kada se sukobi sa fenomenima spolja\u0161njeg koji u velikoj meri personifikuju zlo, te najavljuju i odre\u0111uju politi\u010dka, ratna i pararatna zbivanja u zemlji njegovih junaka, a sama pri\u010da pokazuje se kao jedina \u2019sigurna\u2019 stvarnost u kojoj je o\u0161tro suprotstavljena imaginacija bajkovitog sa surovo\u0161\u0107u istorijski stvarnog.\u201c<br \/>\n\u2013 Nenad \u0160aponja<\/p>\n","protected":false},"excerpt":{"rendered":"<p>Dobitnik Ninove nagrade. JEDNOSTAVNOST JE MO\u0106NIJA OD SOFISTICIRANOSTI! \u201eU predgovoru sam napisao da su od moja tri grada \u2013 Sarajeva,<\/p>\n","protected":false},"featured_media":33125,"comment_status":"open","ping_status":"closed","template":"","meta":[],"product_brand":[],"product_cat":[416,324],"product_tag":[],"class_list":{"0":"post-33124","1":"product","2":"type-product","3":"status-publish","4":"has-post-thumbnail","6":"product_cat-beletristika","7":"product_cat-knjige","9":"first","10":"instock","11":"taxable","12":"shipping-taxable","13":"purchasable","14":"product-type-simple"},"aioseo_notices":[],"_links":{"self":[{"href":"https:\/\/megalicdb.rs\/index.php?rest_route=\/wp\/v2\/product\/33124","targetHints":{"allow":["GET"]}}],"collection":[{"href":"https:\/\/megalicdb.rs\/index.php?rest_route=\/wp\/v2\/product"}],"about":[{"href":"https:\/\/megalicdb.rs\/index.php?rest_route=\/wp\/v2\/types\/product"}],"replies":[{"embeddable":true,"href":"https:\/\/megalicdb.rs\/index.php?rest_route=%2Fwp%2Fv2%2Fcomments&post=33124"}],"version-history":[{"count":1,"href":"https:\/\/megalicdb.rs\/index.php?rest_route=\/wp\/v2\/product\/33124\/revisions"}],"predecessor-version":[{"id":33126,"href":"https:\/\/megalicdb.rs\/index.php?rest_route=\/wp\/v2\/product\/33124\/revisions\/33126"}],"wp:featuredmedia":[{"embeddable":true,"href":"https:\/\/megalicdb.rs\/index.php?rest_route=\/wp\/v2\/media\/33125"}],"wp:attachment":[{"href":"https:\/\/megalicdb.rs\/index.php?rest_route=%2Fwp%2Fv2%2Fmedia&parent=33124"}],"wp:term":[{"taxonomy":"product_brand","embeddable":true,"href":"https:\/\/megalicdb.rs\/index.php?rest_route=%2Fwp%2Fv2%2Fproduct_brand&post=33124"},{"taxonomy":"product_cat","embeddable":true,"href":"https:\/\/megalicdb.rs\/index.php?rest_route=%2Fwp%2Fv2%2Fproduct_cat&post=33124"},{"taxonomy":"product_tag","embeddable":true,"href":"https:\/\/megalicdb.rs\/index.php?rest_route=%2Fwp%2Fv2%2Fproduct_tag&post=33124"}],"curies":[{"name":"wp","href":"https:\/\/api.w.org\/{rel}","templated":true}]}}