{"id":33133,"date":"2025-07-08T18:00:32","date_gmt":"2025-07-08T18:00:32","guid":{"rendered":"https:\/\/megalicdb.rs\/?post_type=product&#038;p=33133"},"modified":"2025-07-11T08:33:25","modified_gmt":"2025-07-11T08:33:25","slug":"pr-ljubavni-roman-aleksandar-ilic","status":"publish","type":"product","link":"https:\/\/megalicdb.rs\/?product=pr-ljubavni-roman-aleksandar-ilic","title":{"rendered":"PR [ljubavni roman] Aleksandar Ili\u0107"},"content":{"rendered":"<div>Roman o ljubavnom trouglu koji istra\u017euje granice ljubavi i beskona\u010dnost interneta.<\/div>\n<div>\nProvokativni roman novog, sve\u017eeg i autenti\u010dnog glasa savremene srpske knji\u017eevnosti.<\/p>\n<p>Na mestu gde daunloud postaje piraterija, ljubav prevara a istina \u2013 PR, dvoje ljudi traga za izlazom iz ljubavnog trougla. U tom traganju razre\u0161avaju se njihove ljudske i poslovne sudbine a skrivena, zabranjena i potisnuta ose\u0107anja iz emocionalnog podzemlja izlaze na \u010distinu.<\/p>\n<p>Radnja romana jednim delom odvija se u elitnoj beogradskoj PR agenciji a drugim na internetu: od obi\u010dnog flertovanja i razmene sli\u010dnih zadovoljstava na\u00a0<em>Facebooku<\/em>\u00a0ili\u00a0<em>Twitteru<\/em>\u00a0do najmisterioznijih prostranstava\u00a0<em>Deep Weba<\/em>, gde je mogu\u0107e iznajmiti\u00a0<em>Rent-A-Hacker<\/em>\u00a0usluge ili naru\u010diti ne\u010dije ubistvo.<\/p>\n<p>Ve\u0161to vo\u0111enom radnjom i uzbudljivim obrtima, \u201ePR\u201c na duhovit i beskompromisan na\u010din daje sliku savremenog sveta, pro\u0161irenog internetom i novim navikama koje je doneo 21. vek. \u201ePR\u201c dolazi iz sada\u0161njosti a svojom univerzalno\u0161\u0107u govori nam da su i internet i ljubav \u2013 nezaobilazni.<\/p>\n<p>\u201eOsim \u0161to vas lako natera da instalirate sve aplikacije koje u knjizi pominje i da se upitate odakle su vam to poznati svi ovi ljudi, Ili\u0107 obja\u0161njava, bez pardona, \u0161ta se krije iza slike stvarnosti koju kreira doma\u0107a PR scena. Njegova pri\u010da ogolila je bombasti\u010dne nazive funkcija, iskrivljeni re\u010dnik, isfabrikovane menad\u017eere, la\u017eni moral i nametnutu potrebu da svi izgledamo isto i pona\u0161amo se isto. Kada pro\u010ditate \u2018PR\u2019 pro\u010ditali ste nas sve.\u201c Tanja Tatomirovi\u0107 \u2013 @lavche73, komunikolog,\u00a0<em>PR Lead za zemlje Balkana u kompaniji Microsoft<\/em><\/div>\n","protected":false},"excerpt":{"rendered":"<p>Roman o ljubavnom trouglu koji istra\u017euje granice ljubavi i beskona\u010dnost interneta. Provokativni roman novog, sve\u017eeg i autenti\u010dnog glasa savremene srpske<\/p>\n","protected":false},"featured_media":33134,"comment_status":"open","ping_status":"closed","template":"","meta":[],"product_brand":[],"product_cat":[411,416,324],"product_tag":[],"class_list":{"0":"post-33133","1":"product","2":"type-product","3":"status-publish","4":"has-post-thumbnail","6":"product_cat-akcija","7":"product_cat-beletristika","8":"product_cat-knjige","10":"first","11":"instock","12":"sale","13":"taxable","14":"shipping-taxable","15":"purchasable","16":"product-type-simple"},"aioseo_notices":[],"_links":{"self":[{"href":"https:\/\/megalicdb.rs\/index.php?rest_route=\/wp\/v2\/product\/33133","targetHints":{"allow":["GET"]}}],"collection":[{"href":"https:\/\/megalicdb.rs\/index.php?rest_route=\/wp\/v2\/product"}],"about":[{"href":"https:\/\/megalicdb.rs\/index.php?rest_route=\/wp\/v2\/types\/product"}],"replies":[{"embeddable":true,"href":"https:\/\/megalicdb.rs\/index.php?rest_route=%2Fwp%2Fv2%2Fcomments&post=33133"}],"version-history":[{"count":1,"href":"https:\/\/megalicdb.rs\/index.php?rest_route=\/wp\/v2\/product\/33133\/revisions"}],"predecessor-version":[{"id":33135,"href":"https:\/\/megalicdb.rs\/index.php?rest_route=\/wp\/v2\/product\/33133\/revisions\/33135"}],"wp:featuredmedia":[{"embeddable":true,"href":"https:\/\/megalicdb.rs\/index.php?rest_route=\/wp\/v2\/media\/33134"}],"wp:attachment":[{"href":"https:\/\/megalicdb.rs\/index.php?rest_route=%2Fwp%2Fv2%2Fmedia&parent=33133"}],"wp:term":[{"taxonomy":"product_brand","embeddable":true,"href":"https:\/\/megalicdb.rs\/index.php?rest_route=%2Fwp%2Fv2%2Fproduct_brand&post=33133"},{"taxonomy":"product_cat","embeddable":true,"href":"https:\/\/megalicdb.rs\/index.php?rest_route=%2Fwp%2Fv2%2Fproduct_cat&post=33133"},{"taxonomy":"product_tag","embeddable":true,"href":"https:\/\/megalicdb.rs\/index.php?rest_route=%2Fwp%2Fv2%2Fproduct_tag&post=33133"}],"curies":[{"name":"wp","href":"https:\/\/api.w.org\/{rel}","templated":true}]}}