{"id":33161,"date":"2025-07-09T14:52:13","date_gmt":"2025-07-09T14:52:13","guid":{"rendered":"https:\/\/megalicdb.rs\/?post_type=product&#038;p=33161"},"modified":"2025-07-09T14:52:13","modified_gmt":"2025-07-09T14:52:13","slug":"sta-me-jos-ceka-sledece-godine-u-ovo-vreme-aleksandra-poter","status":"publish","type":"product","link":"https:\/\/megalicdb.rs\/?product=sta-me-jos-ceka-sledece-godine-u-ovo-vreme-aleksandra-poter","title":{"rendered":"\u0160ta me jo\u0161 \u010deka slede\u0107e godine u ovo vreme Aleksandra Poter"},"content":{"rendered":"<p>Od autorke bestselera \u201ePazi \u0161ta \u017eeli\u0161\u201c i \u201eMoj gospodin savr\u0161eni\u201c.<\/p>\n<p>Nel se vratila. Njen \u017eivot i dalje ne ide prema planu. A ona i dalje postavlja va\u017ena pitanja i ne pronalazi odgovore na njih. Kao na primer:<\/p>\n<p>\u2022 Za\u0161to je tako lako zaljubiti se, ali je te\u0161ko sa\u010duvati ljubav?<br \/>\n\u2022 \u0160ta da radimo kada je prijateljstvo stavljeno na najve\u0107u probu?<br \/>\n\u2022 Mo\u017eemo li zaista da \u017eivimo u trenutku i ostavimo pro\u0161lost za sobom?<br \/>\n\u2022 Kada sve ode do\u0111avola, da li se raspadne\u0161 ili usko\u010di\u0161 u avion za Los An\u0111eles sa Kriket (udovicom od osamdeset i ne\u0161to i tvojom najboljom drugaricom)?<br \/>\n\u2022 I kada sve drugo propadne, da li \u0107emo spas prona\u0107i u miri\u0161ljavim sve\u0107ama, zgnje\u010denom avokadu i Instagram filterima?<\/p>\n<p>Ne postoji magi\u010dna zemlja u koju najzad sti\u017eemo nakon \u0161to smo sve shvatili, popravili i sredili. \u017divot je, kao i mi, uvek u pokretu i sre\u0107ni smo ako mo\u017eemo da nastavimo da gre\u0161imo, re\u0161avamo probleme i smejemo se u brk svemu tome.<br \/>\nAli pre svega toga, Nel ima nekoliko ispovesti\u2026<\/p>\n","protected":false},"excerpt":{"rendered":"<p>Od autorke bestselera \u201ePazi \u0161ta \u017eeli\u0161\u201c i \u201eMoj gospodin savr\u0161eni\u201c. Nel se vratila. Njen \u017eivot i dalje ne ide prema<\/p>\n","protected":false},"featured_media":33162,"comment_status":"open","ping_status":"closed","template":"","meta":[],"product_brand":[],"product_cat":[416,324],"product_tag":[],"class_list":{"0":"post-33161","1":"product","2":"type-product","3":"status-publish","4":"has-post-thumbnail","6":"product_cat-beletristika","7":"product_cat-knjige","9":"first","10":"instock","11":"taxable","12":"shipping-taxable","13":"purchasable","14":"product-type-simple"},"aioseo_notices":[],"_links":{"self":[{"href":"https:\/\/megalicdb.rs\/index.php?rest_route=\/wp\/v2\/product\/33161","targetHints":{"allow":["GET"]}}],"collection":[{"href":"https:\/\/megalicdb.rs\/index.php?rest_route=\/wp\/v2\/product"}],"about":[{"href":"https:\/\/megalicdb.rs\/index.php?rest_route=\/wp\/v2\/types\/product"}],"replies":[{"embeddable":true,"href":"https:\/\/megalicdb.rs\/index.php?rest_route=%2Fwp%2Fv2%2Fcomments&post=33161"}],"version-history":[{"count":1,"href":"https:\/\/megalicdb.rs\/index.php?rest_route=\/wp\/v2\/product\/33161\/revisions"}],"predecessor-version":[{"id":33163,"href":"https:\/\/megalicdb.rs\/index.php?rest_route=\/wp\/v2\/product\/33161\/revisions\/33163"}],"wp:featuredmedia":[{"embeddable":true,"href":"https:\/\/megalicdb.rs\/index.php?rest_route=\/wp\/v2\/media\/33162"}],"wp:attachment":[{"href":"https:\/\/megalicdb.rs\/index.php?rest_route=%2Fwp%2Fv2%2Fmedia&parent=33161"}],"wp:term":[{"taxonomy":"product_brand","embeddable":true,"href":"https:\/\/megalicdb.rs\/index.php?rest_route=%2Fwp%2Fv2%2Fproduct_brand&post=33161"},{"taxonomy":"product_cat","embeddable":true,"href":"https:\/\/megalicdb.rs\/index.php?rest_route=%2Fwp%2Fv2%2Fproduct_cat&post=33161"},{"taxonomy":"product_tag","embeddable":true,"href":"https:\/\/megalicdb.rs\/index.php?rest_route=%2Fwp%2Fv2%2Fproduct_tag&post=33161"}],"curies":[{"name":"wp","href":"https:\/\/api.w.org\/{rel}","templated":true}]}}