{"id":33173,"date":"2025-07-09T15:01:19","date_gmt":"2025-07-09T15:01:19","guid":{"rendered":"https:\/\/megalicdb.rs\/?post_type=product&#038;p=33173"},"modified":"2025-07-09T15:01:19","modified_gmt":"2025-07-09T15:01:19","slug":"magnolija-parks-dzesa-hejstings","status":"publish","type":"product","link":"https:\/\/megalicdb.rs\/?product=magnolija-parks-dzesa-hejstings","title":{"rendered":"Magnolija Parks D\u017eesa Hejstings"},"content":{"rendered":"<p>Najromanti\u010dniji TikTok fenomen<\/p>\n<p>Ona je prelepa, imu\u0107na i blago neuroti\u010dna devojka iz londonskog visokog dru\u0161tva.<\/p>\n<p>On je najomiljeniji lo\u0161 momak i \u017eenskaro\u0161 u Velikoj Britaniji.<\/p>\n<p>Magnolija Parks i Bi-D\u017eej Balentajn su\u0111eni su jedno drugom, i svi to znaju.<\/p>\n<p>Postoji samo jedan problem: on joj je slomio srce.<\/p>\n<p>Magnolija i Bi-D\u017eej uhva\u0107eni su u nekoj neobi\u010dnoj vrsti ljubavi, koja \u010desto izgleda kao me\u0111usobno povre\u0111ivanje: ona se zabavlja sa drugim ljudima da bi ga dr\u017eala podalje od sebe; on spava sa drugim devojkama da joj se osveti. Ali na kraju svakog tu\u017enog poku\u0161aja da prebole jedno drugo, oni opet budu zajedno.<\/p>\n<p>Njih dvoje mo\u017eda \u017eive u svetu luksuza, skupih ve\u010dera i burnih no\u0107i, ali njihova problemati\u010dna veza polako ih susti\u017ee, povla\u010di niti koje ih vezuju i para svet koji su izgradili: svet u kojem nijedno od njih ne mora u potpunosti da ode.<\/p>\n<p>Kada pukotine po\u010dnu da se otkrivaju, a tajne izbiju na povr\u0161inu, Magnolija i Bi-D\u017eej kona\u010dno su primorani da se suo\u010de s te\u0161kim pitanjem koje su \u010ditavog \u017eivota izbegavali: koliko pravih ljubavi zaista dobijemo u \u017eivotu?<\/p>\n","protected":false},"excerpt":{"rendered":"<p>Najromanti\u010dniji TikTok fenomen Ona je prelepa, imu\u0107na i blago neuroti\u010dna devojka iz londonskog visokog dru\u0161tva. On je najomiljeniji lo\u0161 momak<\/p>\n","protected":false},"featured_media":33174,"comment_status":"open","ping_status":"closed","template":"","meta":[],"product_brand":[],"product_cat":[416,324],"product_tag":[],"class_list":{"0":"post-33173","1":"product","2":"type-product","3":"status-publish","4":"has-post-thumbnail","6":"product_cat-beletristika","7":"product_cat-knjige","9":"first","10":"instock","11":"taxable","12":"shipping-taxable","13":"purchasable","14":"product-type-simple"},"aioseo_notices":[],"_links":{"self":[{"href":"https:\/\/megalicdb.rs\/index.php?rest_route=\/wp\/v2\/product\/33173","targetHints":{"allow":["GET"]}}],"collection":[{"href":"https:\/\/megalicdb.rs\/index.php?rest_route=\/wp\/v2\/product"}],"about":[{"href":"https:\/\/megalicdb.rs\/index.php?rest_route=\/wp\/v2\/types\/product"}],"replies":[{"embeddable":true,"href":"https:\/\/megalicdb.rs\/index.php?rest_route=%2Fwp%2Fv2%2Fcomments&post=33173"}],"version-history":[{"count":1,"href":"https:\/\/megalicdb.rs\/index.php?rest_route=\/wp\/v2\/product\/33173\/revisions"}],"predecessor-version":[{"id":33175,"href":"https:\/\/megalicdb.rs\/index.php?rest_route=\/wp\/v2\/product\/33173\/revisions\/33175"}],"wp:featuredmedia":[{"embeddable":true,"href":"https:\/\/megalicdb.rs\/index.php?rest_route=\/wp\/v2\/media\/33174"}],"wp:attachment":[{"href":"https:\/\/megalicdb.rs\/index.php?rest_route=%2Fwp%2Fv2%2Fmedia&parent=33173"}],"wp:term":[{"taxonomy":"product_brand","embeddable":true,"href":"https:\/\/megalicdb.rs\/index.php?rest_route=%2Fwp%2Fv2%2Fproduct_brand&post=33173"},{"taxonomy":"product_cat","embeddable":true,"href":"https:\/\/megalicdb.rs\/index.php?rest_route=%2Fwp%2Fv2%2Fproduct_cat&post=33173"},{"taxonomy":"product_tag","embeddable":true,"href":"https:\/\/megalicdb.rs\/index.php?rest_route=%2Fwp%2Fv2%2Fproduct_tag&post=33173"}],"curies":[{"name":"wp","href":"https:\/\/api.w.org\/{rel}","templated":true}]}}