{"id":33188,"date":"2025-07-09T15:15:06","date_gmt":"2025-07-09T15:15:06","guid":{"rendered":"https:\/\/megalicdb.rs\/?post_type=product&#038;p=33188"},"modified":"2025-07-09T15:15:06","modified_gmt":"2025-07-09T15:15:06","slug":"poslednji-voz-za-istanbul-ajse-kulin","status":"publish","type":"product","link":"https:\/\/megalicdb.rs\/?product=poslednji-voz-za-istanbul-ajse-kulin","title":{"rendered":"Poslednji voz za Istanbul Aj\u0161e Kulin"},"content":{"rendered":"<p>Od Istanbula i Marselja, Ankare i Kaira pa sve do Pariza i Berlina, ovo je pri\u010da o ljubavi i bekstvu, isprepletana istorijom jednog od najuzburkanijih perioda u Evropi&#8230; Kada se Selva, k\u0107i jednog od malobrojnih preostalih otomanskih pa\u0161a, zaljubila u Rafaela, mladog Jevrejina, njena se porodica protivi braku i odbacuje je. Re\u0161eni da zapo\u010dnu novi \u017eivot, Selva i Rafael odlaze u Francusku, me\u0111utim, sre\u0107a im i tamo okre\u0107e le\u0111a. Po\u010dinje Drugi svetski rat, a mladi ljubavnici bi\u0107e uvu\u010deni u u\u017ease Hitlerove ideologije. Dok se nacisti\u010dka mre\u017ea ste\u017ee oko njih, oni \u017eive u stalnom strahu da \u0107e biti uhva\u0107eni i poslati u koncentracioni logor. U isto vreme, Turska o\u010dajni\u010dki poku\u0161ava da izbegne da bude uvu\u010dena u rat, pa\u017eljivo balansiraju\u0107i izme\u0111u sila Osovine i Saveznika&#8230;<\/p>\n<p>Protkana \u010darobnim mirisima Istanbula i misti\u010dnom atmosferom Istoka, ova je pri\u010da posve\u0107ena svim obi\u010dnim ljudima, neopevanim herojima koji su zbog ideala rizikovali \u017eivote.<\/p>\n","protected":false},"excerpt":{"rendered":"<p>Od Istanbula i Marselja, Ankare i Kaira pa sve do Pariza i Berlina, ovo je pri\u010da o ljubavi i bekstvu,<\/p>\n","protected":false},"featured_media":33189,"comment_status":"open","ping_status":"closed","template":"","meta":[],"product_brand":[],"product_cat":[416,324],"product_tag":[],"class_list":{"0":"post-33188","1":"product","2":"type-product","3":"status-publish","4":"has-post-thumbnail","6":"product_cat-beletristika","7":"product_cat-knjige","9":"first","10":"instock","11":"taxable","12":"shipping-taxable","13":"purchasable","14":"product-type-simple"},"aioseo_notices":[],"_links":{"self":[{"href":"https:\/\/megalicdb.rs\/index.php?rest_route=\/wp\/v2\/product\/33188","targetHints":{"allow":["GET"]}}],"collection":[{"href":"https:\/\/megalicdb.rs\/index.php?rest_route=\/wp\/v2\/product"}],"about":[{"href":"https:\/\/megalicdb.rs\/index.php?rest_route=\/wp\/v2\/types\/product"}],"replies":[{"embeddable":true,"href":"https:\/\/megalicdb.rs\/index.php?rest_route=%2Fwp%2Fv2%2Fcomments&post=33188"}],"version-history":[{"count":1,"href":"https:\/\/megalicdb.rs\/index.php?rest_route=\/wp\/v2\/product\/33188\/revisions"}],"predecessor-version":[{"id":33190,"href":"https:\/\/megalicdb.rs\/index.php?rest_route=\/wp\/v2\/product\/33188\/revisions\/33190"}],"wp:featuredmedia":[{"embeddable":true,"href":"https:\/\/megalicdb.rs\/index.php?rest_route=\/wp\/v2\/media\/33189"}],"wp:attachment":[{"href":"https:\/\/megalicdb.rs\/index.php?rest_route=%2Fwp%2Fv2%2Fmedia&parent=33188"}],"wp:term":[{"taxonomy":"product_brand","embeddable":true,"href":"https:\/\/megalicdb.rs\/index.php?rest_route=%2Fwp%2Fv2%2Fproduct_brand&post=33188"},{"taxonomy":"product_cat","embeddable":true,"href":"https:\/\/megalicdb.rs\/index.php?rest_route=%2Fwp%2Fv2%2Fproduct_cat&post=33188"},{"taxonomy":"product_tag","embeddable":true,"href":"https:\/\/megalicdb.rs\/index.php?rest_route=%2Fwp%2Fv2%2Fproduct_tag&post=33188"}],"curies":[{"name":"wp","href":"https:\/\/api.w.org\/{rel}","templated":true}]}}

Poslednji voz za Istanbul Ajše Kulin

<p>Od Istanbula i Marselja, Ankare i Kaira pa sve do Pariza i Berlina, ovo je priča o ljubavi i bekstvu, isprepletana istorijom jednog od najuzburkanijih perioda u Evropi&#8230; Kada se Selva, kći jednog od malobrojnih preostalih otomanskih paša, zaljubila u Rafaela, mladog Jevrejina, njena se porodica protivi braku i odbacuje je. Rešeni da započnu novi život, Selva i Rafael odlaze u Francusku, međutim, sreća im i tamo okreće leđa. Počinje Drugi svetski rat, a mladi ljubavnici biće uvučeni u užase Hitlerove ideologije. Dok se nacistička mreža steže oko njih, oni žive u stalnom strahu da će biti uhvaćeni i poslati u koncentracioni logor. U isto vreme, Turska očajnički pokušava da izbegne da bude uvučena u rat, pažljivo balansirajući između sila Osovine i Saveznika&#8230;</p>
<p>Protkana čarobnim mirisima Istanbula i mističnom atmosferom Istoka, ova je priča posvećena svim običnim ljudima, neopevanim herojima koji su zbog ideala rizikovali živote.</p>

<p>Od Istanbula i Marselja, Ankare i Kaira pa sve do Pariza i Berlina, ovo je priča o ljubavi i bekstvu,</p>
