{"id":33191,"date":"2025-07-09T15:16:47","date_gmt":"2025-07-09T15:16:47","guid":{"rendered":"https:\/\/megalicdb.rs\/?post_type=product&#038;p=33191"},"modified":"2025-07-09T15:16:48","modified_gmt":"2025-07-09T15:16:48","slug":"varsavski-protokol-stiv-beri","status":"publish","type":"product","link":"https:\/\/megalicdb.rs\/?product=varsavski-protokol-stiv-beri","title":{"rendered":"Var\u0161avski protokol Stiv Beri"},"content":{"rendered":"<p>Sedam nestalih relikvija. Tajna od koje zavisi sudbina sveta. Jedna po jedna, sedam neprocenjivo vrednih relikvija Arma Christi, Oru\u017eja Hristovog, nestaje iz svetili\u0161ta \u0161irom sveta.<\/p>\n<p>Delovalo je kao lak posao: trebalo je da kupi nekoliko drevnih tomova na sajmu antikvarnih knjiga u Bri\u017eu.<\/p>\n<p>Me\u0111utim, u roku od samo nekoliko sati, Koton Malon<br \/>\nbi\u0107e svedok kra\u0111e vredne hri\u0161\u0107anske relikvije i u\u010desnik lude potere slikovitim gradskim kanalima.<\/p>\n<p>Od svoje nekada\u0161nje \u0161efice Stefani Nel saznaje za privatnu aukciju na kojoj \u0107e se licitirati za inkrimini\u0161u\u0107e informacije o predsedniku Poljske.<\/p>\n<p>Ulaznica za u\u010destvovanje u ovoj tajnoj licitaciji jedan<br \/>\nje od predmeta Oru\u017eja Hristovog i zato Malon odlazi u zamak u Poljskoj kako bi pribavio Sveto koplje, hiljadu godina staro koplje kojim je prema predanju proboden Isus.<\/p>\n<p>Me\u0111utim, ni\u0161ta ne ide po planu i Malon \u0107e se uskoro na\u0107i u bespo\u0161tednoj borbi za tajnu koja, ako bude otkrivena, mo\u017ee da promeni ravnote\u017eu mo\u0107i u Evropi.<\/p>\n<p>Od mirnih kanala Bri\u017ea, do elegantnih odaja zamka Vavela i drevnih rudnika soli duboko pod zemljom izvan Krakova, Malon je uhva\u0107en u smrtonosni vrtlog rata \u010diji su u\u010desnici spremni na sve.<\/p>\n","protected":false},"excerpt":{"rendered":"<p>Sedam nestalih relikvija. Tajna od koje zavisi sudbina sveta. Jedna po jedna, sedam neprocenjivo vrednih relikvija Arma Christi, Oru\u017eja Hristovog,<\/p>\n","protected":false},"featured_media":33192,"comment_status":"open","ping_status":"closed","template":"","meta":[],"product_brand":[],"product_cat":[416,324],"product_tag":[],"class_list":{"0":"post-33191","1":"product","2":"type-product","3":"status-publish","4":"has-post-thumbnail","6":"product_cat-beletristika","7":"product_cat-knjige","9":"first","10":"instock","11":"taxable","12":"shipping-taxable","13":"purchasable","14":"product-type-simple"},"aioseo_notices":[],"_links":{"self":[{"href":"https:\/\/megalicdb.rs\/index.php?rest_route=\/wp\/v2\/product\/33191","targetHints":{"allow":["GET"]}}],"collection":[{"href":"https:\/\/megalicdb.rs\/index.php?rest_route=\/wp\/v2\/product"}],"about":[{"href":"https:\/\/megalicdb.rs\/index.php?rest_route=\/wp\/v2\/types\/product"}],"replies":[{"embeddable":true,"href":"https:\/\/megalicdb.rs\/index.php?rest_route=%2Fwp%2Fv2%2Fcomments&post=33191"}],"version-history":[{"count":1,"href":"https:\/\/megalicdb.rs\/index.php?rest_route=\/wp\/v2\/product\/33191\/revisions"}],"predecessor-version":[{"id":33193,"href":"https:\/\/megalicdb.rs\/index.php?rest_route=\/wp\/v2\/product\/33191\/revisions\/33193"}],"wp:featuredmedia":[{"embeddable":true,"href":"https:\/\/megalicdb.rs\/index.php?rest_route=\/wp\/v2\/media\/33192"}],"wp:attachment":[{"href":"https:\/\/megalicdb.rs\/index.php?rest_route=%2Fwp%2Fv2%2Fmedia&parent=33191"}],"wp:term":[{"taxonomy":"product_brand","embeddable":true,"href":"https:\/\/megalicdb.rs\/index.php?rest_route=%2Fwp%2Fv2%2Fproduct_brand&post=33191"},{"taxonomy":"product_cat","embeddable":true,"href":"https:\/\/megalicdb.rs\/index.php?rest_route=%2Fwp%2Fv2%2Fproduct_cat&post=33191"},{"taxonomy":"product_tag","embeddable":true,"href":"https:\/\/megalicdb.rs\/index.php?rest_route=%2Fwp%2Fv2%2Fproduct_tag&post=33191"}],"curies":[{"name":"wp","href":"https:\/\/api.w.org\/{rel}","templated":true}]}}