{"id":33224,"date":"2025-07-09T15:43:44","date_gmt":"2025-07-09T15:43:44","guid":{"rendered":"https:\/\/megalicdb.rs\/?post_type=product&#038;p=33224"},"modified":"2025-07-09T15:43:44","modified_gmt":"2025-07-09T15:43:44","slug":"neodlucna-vojvotkinja-eloiza-dzejms","status":"publish","type":"product","link":"https:\/\/megalicdb.rs\/?product=neodlucna-vojvotkinja-eloiza-dzejms","title":{"rendered":"Neodlu\u010dna vojvotkinja Eloiza D\u017eejms"},"content":{"rendered":"<p>\u201eEloizine knjige su \u010dista magija!\u201c \u2013 D\u017eulija Kvin<\/p>\n<p>Devojka koju niko ne poziva na ples.<\/p>\n<p>Suparnici koji postaju ljubavnici.<\/p>\n<p>Pristojan plemeniti gospodin i potpuno nedoli\u010dna dama \u2013 o kojoj on ne mo\u017ee da prestane da razmi\u0161lja.<\/p>\n<p>D\u017eajls Renvik, erl od Lilforda, nikad nije napravio budalu od sebe zbog neke \u017eene \u2013 sve dok nije upoznao ledi Jasmin Renije. Jasmin nije dostojna njegove pa\u017enje u svakom mogu\u0107em smislu: ni kao \u017eena, a svakako ne kao ljubavnica (ona je ipak dama!), pa ni kao prijateljica, jer se oni \u017eestoko ne svi\u0111aju jedno drugom. Njene haljine imaju suvi\u0161e dubok dekolte, a suknje su joj pripijene uz nesumnjivo predivne butine. Voli da tra\u010dari \u2013 i da se kiko\u0107e.<\/p>\n<p>Ona nije dostojanstvena niti otmena, \u010dak nije ni prava Britanka jer je o\u010digledno povukla na oca Francuza. Da ne pominjemo da joj je majka bila jedna od Napoleonovih ljubavnica, \u0161to je \u010dinjenica koju ona i ne poku\u0161ava da sakrije.<\/p>\n<p>Dakle, koji ga je \u0111avo naterao da je zaprosi?<\/p>\n<p>I \u0161ta \u0107e uraditi ako ona ka\u017ee \u201eda\u201c?<\/p>\n","protected":false},"excerpt":{"rendered":"<p>\u201eEloizine knjige su \u010dista magija!\u201c \u2013 D\u017eulija Kvin Devojka koju niko ne poziva na ples. Suparnici koji postaju ljubavnici. Pristojan<\/p>\n","protected":false},"featured_media":33225,"comment_status":"open","ping_status":"closed","template":"","meta":[],"product_brand":[],"product_cat":[416,324],"product_tag":[],"class_list":{"0":"post-33224","1":"product","2":"type-product","3":"status-publish","4":"has-post-thumbnail","6":"product_cat-beletristika","7":"product_cat-knjige","9":"first","10":"instock","11":"taxable","12":"shipping-taxable","13":"purchasable","14":"product-type-simple"},"aioseo_notices":[],"_links":{"self":[{"href":"https:\/\/megalicdb.rs\/index.php?rest_route=\/wp\/v2\/product\/33224","targetHints":{"allow":["GET"]}}],"collection":[{"href":"https:\/\/megalicdb.rs\/index.php?rest_route=\/wp\/v2\/product"}],"about":[{"href":"https:\/\/megalicdb.rs\/index.php?rest_route=\/wp\/v2\/types\/product"}],"replies":[{"embeddable":true,"href":"https:\/\/megalicdb.rs\/index.php?rest_route=%2Fwp%2Fv2%2Fcomments&post=33224"}],"version-history":[{"count":1,"href":"https:\/\/megalicdb.rs\/index.php?rest_route=\/wp\/v2\/product\/33224\/revisions"}],"predecessor-version":[{"id":33226,"href":"https:\/\/megalicdb.rs\/index.php?rest_route=\/wp\/v2\/product\/33224\/revisions\/33226"}],"wp:featuredmedia":[{"embeddable":true,"href":"https:\/\/megalicdb.rs\/index.php?rest_route=\/wp\/v2\/media\/33225"}],"wp:attachment":[{"href":"https:\/\/megalicdb.rs\/index.php?rest_route=%2Fwp%2Fv2%2Fmedia&parent=33224"}],"wp:term":[{"taxonomy":"product_brand","embeddable":true,"href":"https:\/\/megalicdb.rs\/index.php?rest_route=%2Fwp%2Fv2%2Fproduct_brand&post=33224"},{"taxonomy":"product_cat","embeddable":true,"href":"https:\/\/megalicdb.rs\/index.php?rest_route=%2Fwp%2Fv2%2Fproduct_cat&post=33224"},{"taxonomy":"product_tag","embeddable":true,"href":"https:\/\/megalicdb.rs\/index.php?rest_route=%2Fwp%2Fv2%2Fproduct_tag&post=33224"}],"curies":[{"name":"wp","href":"https:\/\/api.w.org\/{rel}","templated":true}]}}