{"id":33257,"date":"2025-07-09T16:11:13","date_gmt":"2025-07-09T16:11:13","guid":{"rendered":"https:\/\/megalicdb.rs\/?post_type=product&#038;p=33257"},"modified":"2025-07-09T16:11:13","modified_gmt":"2025-07-09T16:11:13","slug":"kljucevi-pakla-stiv-beri","status":"publish","type":"product","link":"https:\/\/megalicdb.rs\/?product=kljucevi-pakla-stiv-beri","title":{"rendered":"Klju\u010devi pakla Stiv Beri"},"content":{"rendered":"<p>Blago skriveno u planinama. Tajna nestala u plamenu rata. Pretnja koja se nadvija nad svima nama.<\/p>\n<p>Va\u0161ington, 1865. godine.<br \/>\nPlamen nemilosrdno guta hodnike tek osnovanog Instituta Smitsonijan. Ljudi be\u017ee u panici, ali neko je jo\u0161 u zgradi, sa samo jednim ciljem: da se dokopa neprocenjivo vrednog dnevnika i jednog klju\u010da. Zbog toga \u0161to od tih predmeta zavisi budu\u0107nost Sjedinjenih Dr\u017eava.<\/p>\n<p>Arkanzas, sada\u0161njost.<br \/>\nZov avanture bio je previ\u0161e sna\u017ean da bi Koton Malon odbio poziv iz Smitsonijana. Slede\u0107i tragove sa drevne mape prona\u0111ene u arhivima muzeja, vrati\u0107e se u vreme gra\u0111anskog rata, do jedne od najve\u0107ih i najopasnijih tajnih organizacija u istoriji Amerike, Vitezova zlatnog kruga. Od skrivenih odaja Smitsonijana do pustara Arkanzasa i divljina Novog Meksika, Malon otkriva istinu o pretku iz pro\u0161losti: \u0161pijunu \u010dija pri\u010da krije re\u0161enje vekovima stare misterije.<\/p>\n","protected":false},"excerpt":{"rendered":"<p>Blago skriveno u planinama. Tajna nestala u plamenu rata. Pretnja koja se nadvija nad svima nama. Va\u0161ington, 1865. godine. Plamen<\/p>\n","protected":false},"featured_media":33258,"comment_status":"open","ping_status":"closed","template":"","meta":[],"product_brand":[],"product_cat":[411,416,324],"product_tag":[],"class_list":{"0":"post-33257","1":"product","2":"type-product","3":"status-publish","4":"has-post-thumbnail","6":"product_cat-akcija","7":"product_cat-beletristika","8":"product_cat-knjige","10":"first","11":"instock","12":"taxable","13":"shipping-taxable","14":"purchasable","15":"product-type-simple"},"aioseo_notices":[],"_links":{"self":[{"href":"https:\/\/megalicdb.rs\/index.php?rest_route=\/wp\/v2\/product\/33257","targetHints":{"allow":["GET"]}}],"collection":[{"href":"https:\/\/megalicdb.rs\/index.php?rest_route=\/wp\/v2\/product"}],"about":[{"href":"https:\/\/megalicdb.rs\/index.php?rest_route=\/wp\/v2\/types\/product"}],"replies":[{"embeddable":true,"href":"https:\/\/megalicdb.rs\/index.php?rest_route=%2Fwp%2Fv2%2Fcomments&post=33257"}],"version-history":[{"count":1,"href":"https:\/\/megalicdb.rs\/index.php?rest_route=\/wp\/v2\/product\/33257\/revisions"}],"predecessor-version":[{"id":33259,"href":"https:\/\/megalicdb.rs\/index.php?rest_route=\/wp\/v2\/product\/33257\/revisions\/33259"}],"wp:featuredmedia":[{"embeddable":true,"href":"https:\/\/megalicdb.rs\/index.php?rest_route=\/wp\/v2\/media\/33258"}],"wp:attachment":[{"href":"https:\/\/megalicdb.rs\/index.php?rest_route=%2Fwp%2Fv2%2Fmedia&parent=33257"}],"wp:term":[{"taxonomy":"product_brand","embeddable":true,"href":"https:\/\/megalicdb.rs\/index.php?rest_route=%2Fwp%2Fv2%2Fproduct_brand&post=33257"},{"taxonomy":"product_cat","embeddable":true,"href":"https:\/\/megalicdb.rs\/index.php?rest_route=%2Fwp%2Fv2%2Fproduct_cat&post=33257"},{"taxonomy":"product_tag","embeddable":true,"href":"https:\/\/megalicdb.rs\/index.php?rest_route=%2Fwp%2Fv2%2Fproduct_tag&post=33257"}],"curies":[{"name":"wp","href":"https:\/\/api.w.org\/{rel}","templated":true}]}}