{"id":33272,"date":"2025-07-09T16:23:27","date_gmt":"2025-07-09T16:23:27","guid":{"rendered":"https:\/\/megalicdb.rs\/?post_type=product&#038;p=33272"},"modified":"2025-07-09T16:40:09","modified_gmt":"2025-07-09T16:40:09","slug":"covek-koji-nije-bio-ubica-mikael-jort-i-hans-rosenfelt","status":"publish","type":"product","link":"https:\/\/megalicdb.rs\/?product=covek-koji-nije-bio-ubica-mikael-jort-i-hans-rosenfelt","title":{"rendered":"\u010covek koji nije bio ubica Mikael Jort i Hans Rosenfelt"},"content":{"rendered":"<p>Na\u0161e najmra\u010dnije tajne kad-tad isplivaju na povr\u0161inu. Jedan \u010dovek ima tajnu mra\u010dniju od svih. \u010covek nije bio ubica. Ponavljao je samom sebi ove re\u010di dok je vukao mrtvog de\u010daka niz padinu: Ja nisam ubica. Ubice su kriminalci. Ubice su zle. Tama im je progutala du\u0161u, a oni su iz brojnih razloga prigrlili tu tamu i do\u010dekali je oberu\u010dke, okrenuv\u0161i le\u0111a svetlu. On nije bio zao. Sve je po\u010delo pozivom policiji, kada je nestao \u0161esnaestogodi\u0161njak Roger Erikson. Potraga zavr\u0161ava jezivim otkri\u0107em u mo\u010dvari: mladi\u0107 je mrtav. Lokalna policija u pomo\u0107 zove Sebastijana Bergmana, psihologa, profajlera i jednog od najboljih stru\u010dnjaka za serijske ubice u \u0160vedskoj. On se povukao u sebe i ne \u017eeli da se uklju\u010duje u istragu \u2013 sve dok ga ne iznenadi tajna iz sopstvene pro\u0161losti. Krhka mre\u017ea la\u017ei i obmana uvu\u0107i \u0107e ga u svet koji poznaje isuvi\u0161e dobro, svet sa kojim \u0107e sada biti primoran da napravi pakt.<\/p>\n","protected":false},"excerpt":{"rendered":"<p>Na\u0161e najmra\u010dnije tajne kad-tad isplivaju na povr\u0161inu. Jedan \u010dovek ima tajnu mra\u010dniju od svih. \u010covek nije bio ubica. Ponavljao je<\/p>\n","protected":false},"featured_media":33273,"comment_status":"open","ping_status":"closed","template":"","meta":[],"product_brand":[],"product_cat":[411,416,324],"product_tag":[],"class_list":{"0":"post-33272","1":"product","2":"type-product","3":"status-publish","4":"has-post-thumbnail","6":"product_cat-akcija","7":"product_cat-beletristika","8":"product_cat-knjige","10":"first","11":"instock","12":"sale","13":"taxable","14":"shipping-taxable","15":"purchasable","16":"product-type-simple"},"aioseo_notices":[],"_links":{"self":[{"href":"https:\/\/megalicdb.rs\/index.php?rest_route=\/wp\/v2\/product\/33272","targetHints":{"allow":["GET"]}}],"collection":[{"href":"https:\/\/megalicdb.rs\/index.php?rest_route=\/wp\/v2\/product"}],"about":[{"href":"https:\/\/megalicdb.rs\/index.php?rest_route=\/wp\/v2\/types\/product"}],"replies":[{"embeddable":true,"href":"https:\/\/megalicdb.rs\/index.php?rest_route=%2Fwp%2Fv2%2Fcomments&post=33272"}],"version-history":[{"count":1,"href":"https:\/\/megalicdb.rs\/index.php?rest_route=\/wp\/v2\/product\/33272\/revisions"}],"predecessor-version":[{"id":33274,"href":"https:\/\/megalicdb.rs\/index.php?rest_route=\/wp\/v2\/product\/33272\/revisions\/33274"}],"wp:featuredmedia":[{"embeddable":true,"href":"https:\/\/megalicdb.rs\/index.php?rest_route=\/wp\/v2\/media\/33273"}],"wp:attachment":[{"href":"https:\/\/megalicdb.rs\/index.php?rest_route=%2Fwp%2Fv2%2Fmedia&parent=33272"}],"wp:term":[{"taxonomy":"product_brand","embeddable":true,"href":"https:\/\/megalicdb.rs\/index.php?rest_route=%2Fwp%2Fv2%2Fproduct_brand&post=33272"},{"taxonomy":"product_cat","embeddable":true,"href":"https:\/\/megalicdb.rs\/index.php?rest_route=%2Fwp%2Fv2%2Fproduct_cat&post=33272"},{"taxonomy":"product_tag","embeddable":true,"href":"https:\/\/megalicdb.rs\/index.php?rest_route=%2Fwp%2Fv2%2Fproduct_tag&post=33272"}],"curies":[{"name":"wp","href":"https:\/\/api.w.org\/{rel}","templated":true}]}}

Čovek koji nije bio ubica Mikael Jort i Hans Rosenfelt

<p>Naše najmračnije tajne kad-tad isplivaju na površinu. Jedan čovek ima tajnu mračniju od svih. Čovek nije bio ubica. Ponavljao je samom sebi ove reči dok je vukao mrtvog dečaka niz padinu: Ja nisam ubica. Ubice su kriminalci. Ubice su zle. Tama im je progutala dušu, a oni su iz brojnih razloga prigrlili tu tamu i dočekali je oberučke, okrenuvši leđa svetlu. On nije bio zao. Sve je počelo pozivom policiji, kada je nestao šesnaestogodišnjak Roger Erikson. Potraga završava jezivim otkrićem u močvari: mladić je mrtav. Lokalna policija u pomoć zove Sebastijana Bergmana, psihologa, profajlera i jednog od najboljih stručnjaka za serijske ubice u Švedskoj. On se povukao u sebe i ne želi da se uključuje u istragu – sve dok ga ne iznenadi tajna iz sopstvene prošlosti. Krhka mreža laži i obmana uvući će ga u svet koji poznaje isuviše dobro, svet sa kojim će sada biti primoran da napravi pakt.</p>

<p>Naše najmračnije tajne kad-tad isplivaju na površinu. Jedan čovek ima tajnu mračniju od svih. Čovek nije bio ubica. Ponavljao je</p>
