{"id":33309,"date":"2025-07-10T06:32:12","date_gmt":"2025-07-10T06:32:12","guid":{"rendered":"https:\/\/megalicdb.rs\/?post_type=product&#038;p=33309"},"modified":"2025-11-24T11:25:31","modified_gmt":"2025-11-24T11:25:31","slug":"vodja-bez-titule-robin-sarma","status":"publish","type":"product","link":"https:\/\/megalicdb.rs\/?product=vodja-bez-titule-robin-sarma","title":{"rendered":"Vo\u0111a bez titule Robin \u0160arma"},"content":{"rendered":"<p>Vi\u0161e od petnaest godina najuspe\u0161nije kompanije i najbogatiji ljudi na svetu primenjuju formulu Robina \u0160arme \u2013 jednog od najtra\u017eenijih gurua na svetu. Ova formula je sada dostupna i vama, ako \u017eelite da pru\u017eite svoj maksimum i pomognete organizaciji u kojoj radite da ostvari uspeh u burnim vremenima. Knjiga \u201eVo\u0111a bez titule\u201c nau\u010di\u0107e vas: \u2022 Kako da budete izuzetni u svemu \u0161to radite, bez obzira na svoj polo\u017eaj \u2022 Kako da iskoristite svaku priliku u burnim vremenima \u2022 Tajnama istinske inovacije \u2022Kako da izgradite odli\u010dan tim i postanete prodavac br. 1 \u2022 Taktikama koje \u0107e vam pomo\u0107i da steknete mentalnu stabilnost i fizi\u010dku snagu ako \u017eelite da postanete vo\u0111a \u2022 Kako da se izborite sa stresom, razmi\u0161ljate pozitivno, oslobodite energiju i postignete skladan privatni \u017eivot Bez obzira na poziciju koju zauzimate u svojoj firmi i na trenutne okolnosti u va\u0161em \u017eivotu, ne zaboravite da posedujete snagu da postanete vo\u0111a. Pru\u017eite svoj maksimum bez obzira na okolnosti. Ova knjiga \u0107e vas nau\u010diti kako da steknete ovu mo\u0107 i da izmenite ne samo svoj \u017eivot, ve\u0107 i svet koji vas okru\u017euje.\u201eAko \u017eelite da postanete izvanredan vo\u0111a, budete izuzetni u svemu \u0161to radite i \u017eivite punim plu\u0107ima, kupite ovu knjigu.\u201d \u2013 Daren Hardi, izdava\u010d, \u010dasopis Sakses\u201ePro\u010ditajte ovu knjigu i posta\u0107ete inovativniji, uticajniji i uspe\u0161niji u poslu i \u017eivotu.\u201d \u2013 Kit Feraci, Njujork tajms, autor bestselera \u201eNikada ne jedite sami\u201c \u00a0\u201eOd kalu\u0111era koji prodaju ferari do vo\u0111a bez titule Robin \u0160arma nas vodi pravim putem. Ve\u017eite se i u\u017eivajte u vo\u017enji.\u201d \u2013 Kevin Roberts, izvr\u0161ni direktor kompanije Sa\u010di&amp;Sa\u010di \u201eVo\u0111a bez titule je knjiga koja \u0107e vam izmeniti \u017eivot. Pro\u010ditajte je i pripremite se za neverovatnu promenu.\u201d \u2013 Marsi \u0160imof, Njujork tajms, autor bestselera \u201eSre\u0107ni bez razloga\u201c \u00a0\u201eIma na hiljadu knjiga o vo\u0111stvu, ali dovoljno \u0107e biti da pro\u010ditate ovu.\u201d \u2013 Metju Mej, autor knjige \u201eU potrazi za elegancijom\u201c, najinovativnije knjige po izboru magazina BiznisVik<\/p>\n","protected":false},"excerpt":{"rendered":"<p>Vi\u0161e od petnaest godina najuspe\u0161nije kompanije i najbogatiji ljudi na svetu primenjuju formulu Robina \u0160arme \u2013 jednog od najtra\u017eenijih gurua<\/p>\n","protected":false},"featured_media":33310,"comment_status":"open","ping_status":"closed","template":"","meta":[],"product_brand":[],"product_cat":[411,324,417],"product_tag":[],"class_list":{"0":"post-33309","1":"product","2":"type-product","3":"status-publish","4":"has-post-thumbnail","6":"product_cat-akcija","7":"product_cat-knjige","8":"product_cat-knjizevnost-za-odrasle","10":"first","11":"outofstock","12":"sale","13":"taxable","14":"shipping-taxable","15":"purchasable","16":"product-type-simple"},"aioseo_notices":[],"_links":{"self":[{"href":"https:\/\/megalicdb.rs\/index.php?rest_route=\/wp\/v2\/product\/33309","targetHints":{"allow":["GET"]}}],"collection":[{"href":"https:\/\/megalicdb.rs\/index.php?rest_route=\/wp\/v2\/product"}],"about":[{"href":"https:\/\/megalicdb.rs\/index.php?rest_route=\/wp\/v2\/types\/product"}],"replies":[{"embeddable":true,"href":"https:\/\/megalicdb.rs\/index.php?rest_route=%2Fwp%2Fv2%2Fcomments&post=33309"}],"version-history":[{"count":1,"href":"https:\/\/megalicdb.rs\/index.php?rest_route=\/wp\/v2\/product\/33309\/revisions"}],"predecessor-version":[{"id":33311,"href":"https:\/\/megalicdb.rs\/index.php?rest_route=\/wp\/v2\/product\/33309\/revisions\/33311"}],"wp:featuredmedia":[{"embeddable":true,"href":"https:\/\/megalicdb.rs\/index.php?rest_route=\/wp\/v2\/media\/33310"}],"wp:attachment":[{"href":"https:\/\/megalicdb.rs\/index.php?rest_route=%2Fwp%2Fv2%2Fmedia&parent=33309"}],"wp:term":[{"taxonomy":"product_brand","embeddable":true,"href":"https:\/\/megalicdb.rs\/index.php?rest_route=%2Fwp%2Fv2%2Fproduct_brand&post=33309"},{"taxonomy":"product_cat","embeddable":true,"href":"https:\/\/megalicdb.rs\/index.php?rest_route=%2Fwp%2Fv2%2Fproduct_cat&post=33309"},{"taxonomy":"product_tag","embeddable":true,"href":"https:\/\/megalicdb.rs\/index.php?rest_route=%2Fwp%2Fv2%2Fproduct_tag&post=33309"}],"curies":[{"name":"wp","href":"https:\/\/api.w.org\/{rel}","templated":true}]}}